{"id":3760,"date":"2026-02-21T18:00:17","date_gmt":"2026-02-21T17:00:17","guid":{"rendered":"http:\/\/thibault-svt.fr\/?page_id=3760"},"modified":"2026-02-27T16:54:26","modified_gmt":"2026-02-27T15:54:26","slug":"3760-2","status":"publish","type":"page","link":"http:\/\/thibault-svt.fr\/index.php\/premieres\/enseignement-obligatoire\/3760-2\/","title":{"rendered":"Chapitre 1 \u2013 Energie et temp\u00e9rature terrestre."},"content":{"rendered":"<p style=\"text-align: center;\"><span style=\"color: #ff0000;\"><strong><u>Chapitre 1 \u2013 Energie et temp\u00e9rature terrestre. <\/u><\/strong><\/span><\/p>\n<p>La Terre re\u00e7oit de l\u2019\u00e9nergie du Soleil ce qui permet de maintenir la temp\u00e9rature \u00e0 sa surface. Cette temp\u00e9rature subit des variations au cours des heures, de saisons et des changements climatiques.<\/p>\n<p><span style=\"color: #34c234;\"><strong>&#8211;&gt; Comment l\u2019\u00e9nergie re\u00e7ue du Soleil participe-t-elle au bilan thermique terrestre\u00a0? <\/strong><\/span><\/p>\n<p style=\"text-align: center;\"><span style=\"color: #bf1177;\"><strong><u> I- Une in\u00e9gale r\u00e9partition de l\u2019\u00e9nergie solaire<\/u><\/strong><\/span><\/p>\n<p><span style=\"text-decoration: underline; color: #3366ff;\"><strong> A- Constante solaire et variation de la puissance re\u00e7ue<\/strong><\/span><\/p>\n<p class=\"titre-TP\" style=\"text-align: center;\"><span style=\"color: #000000;\"><strong><a style=\"color: #000000;\" href=\"http:\/\/thibault-svt.fr\/wp-content\/uploads\/2026\/02\/S1-Energie-terrestre-constante-solaire-1.pdf\" target=\"_blank\" rel=\"noopener\">Activit\u00e9 1 &#8211; Constante solaire<\/a><\/strong><\/span><\/p>\n<p>L\u2019\u00e9nergie solaire re\u00e7ue par la Terre est mesur\u00e9e par la <strong>constante solaire<\/strong>, qui repr\u00e9sente la puissance re\u00e7ue par une surface d\u20191m\u00b2 plane et perpendiculaire au Soleil. La constante solaire vaut actuellement 342 W.m<sup>&#8211;<\/sup>\u00b2.<br \/>\nCette constante d\u00e9pend de la <strong>distance de la Terre au Soleil et du rayon de la Terre.<\/strong><\/p>\n<p class=\"titre-TP\" style=\"text-align: center;\"><span style=\"color: #000000;\"><strong><a style=\"color: #000000;\" href=\"http:\/\/thibault-svt.fr\/wp-content\/uploads\/2026\/02\/S2-TP-Puissance-radiative.pdf\" target=\"_blank\" rel=\"noopener\">Activit\u00e9 2 &#8211; Puissance radiative r\u00e9elle<\/a><\/strong><\/span><\/p>\n<p>La <strong>puissance radiative r\u00e9elle<\/strong> re\u00e7ue en un endroit peut varier par rapport \u00e0 cette constante solaire, en fonction de <strong>l\u2019angle d\u2019incidence des rayons solaires<\/strong>. En effet, la variation de l\u2019angle d\u2019incidence des rayons modifie la <strong>surface de r\u00e9ception de l\u2019\u00e9nergie<\/strong>, et modifie donc la puissance radiative re\u00e7ue.<\/p>\n<p><strong><em><u>Sch\u00e9ma explicatif<\/u><\/em><\/strong><\/p>\n<p><img loading=\"lazy\" decoding=\"async\" class=\"aligncenter size-full wp-image-3764\" src=\"http:\/\/thibault-svt.fr\/wp-content\/uploads\/2026\/02\/repartition-energie-solaire.png\" alt=\"\" width=\"860\" height=\"195\" srcset=\"http:\/\/thibault-svt.fr\/wp-content\/uploads\/2026\/02\/repartition-energie-solaire.png 860w, http:\/\/thibault-svt.fr\/wp-content\/uploads\/2026\/02\/repartition-energie-solaire-300x68.png 300w, http:\/\/thibault-svt.fr\/wp-content\/uploads\/2026\/02\/repartition-energie-solaire-768x174.png 768w\" sizes=\"auto, (max-width: 860px) 100vw, 860px\" \/><\/p>\n<p><span style=\"text-decoration: underline; color: #3366ff;\"><strong> B- Cons\u00e9quences de l\u2019in\u00e9gale r\u00e9partition d\u2019\u00e9nergie <\/strong><\/span><\/p>\n<p>La \u00a0<strong>rotation de la Terre<\/strong> sur elle-m\u00eame (toutes les 24h) modifie l\u2019angle d\u2019incidence des rayons solaires en un endroit donn\u00e9. Ainsi, la puissance radiative re\u00e7ue en un m\u00eame endroit varie au cours de la journ\u00e9e, ce qui explique <strong>les variations journali\u00e8res<\/strong> de temp\u00e9ratures et d\u2019ensoleillement.<\/p>\n<p><em>Exemple\u00a0:\u00a0 quand la position de la Terre fait que les rayons solaires arrivent perpendiculairement \u00e0 la ville de Marignane, il est midi \u00e0 Marignane, et plus la Terre tourne, plus l\u2019angle d\u2019incidence augmente, donc plus la surface de r\u00e9ception de l\u2019\u00e9nergie augmente, donc plus la puissance radiative diminue et la luminosit\u00e9 et les temp\u00e9ratures baissent en fin de journ\u00e9e. (Mais \u00e0 ce moment-l\u00e0, il y a une autre ville qui est perpendiculaire aux rayons solaires et il y est alors 12h)<\/em><\/p>\n<p><strong>L\u2019inclinaison de l\u2019axe de rotation<\/strong> de la Terre par rapport au plan de l\u2019\u00e9cliptique et la <strong>forme ronde de la Terre<\/strong> font varier l\u2019angle d\u2019incidence (donc la surface de r\u00e9ception) des rayons solaires \u00e0 un moment donn\u00e9e en fonction de l\u2019endroit sur la plan\u00e8te. Cela explique les <strong>variations de la temp\u00e9rature et de l\u2019ensoleillement en fonction de la latitude.<\/strong><\/p>\n<p><strong><em><u>Sch\u00e9ma explicatif. <\/u><\/em><\/strong><\/p>\n<p><img loading=\"lazy\" decoding=\"async\" class=\"aligncenter size-full wp-image-3767\" src=\"http:\/\/thibault-svt.fr\/wp-content\/uploads\/2026\/02\/forme-terre-et-energie.png\" alt=\"\" width=\"404\" height=\"269\" srcset=\"http:\/\/thibault-svt.fr\/wp-content\/uploads\/2026\/02\/forme-terre-et-energie.png 404w, http:\/\/thibault-svt.fr\/wp-content\/uploads\/2026\/02\/forme-terre-et-energie-300x200.png 300w\" sizes=\"auto, (max-width: 404px) 100vw, 404px\" \/><\/p>\n<p>&nbsp;<\/p>\n<p style=\"text-align: center;\"><span style=\"color: #993366;\"><strong><u> II- Bilan \u00e9nerg\u00e9tique et thermique de la Terre<\/u><\/strong><\/span><\/p>\n<p class=\"titre-TP\" style=\"text-align: center;\"><span style=\"color: #000000;\"><a style=\"color: #000000;\" href=\"http:\/\/thibault-svt.fr\/wp-content\/uploads\/2026\/02\/TP2-Bilan-energetique-de-la-Terre.pdf\" target=\"_blank\" rel=\"noopener\">Activit\u00e9 3 &#8211; Bilan \u00e9nerg\u00e9tique terrestre<\/a><\/span><\/p>\n<p style=\"text-align: center;\"><span style=\"color: #000000;\">\u00a0<\/span><\/p>\n<p><span style=\"text-decoration: underline; color: #3366ff;\"><strong> A- Alb\u00e9do et \u00e9nergie r\u00e9fl\u00e9chie<\/strong><\/span><\/p>\n<p>Une partie de l\u2019\u00e9nergie arrivant sur Terre est r\u00e9fl\u00e9chie par la surface terrestre et r\u00e9\u00e9mise vers l\u2019espace.<br \/>\nLe reste est absorb\u00e9 et participe \u00e0 chauffer la Terre.<\/p>\n<p>On appelle <strong><u>alb\u00e9do <\/u><\/strong>la proportion d\u2019\u00e9nergie r\u00e9fl\u00e9chie par rapport \u00e0 l\u2019\u00e9nergie re\u00e7ue\u00a0: ainsi, plus l\u2019alb\u00e9do est fort, plus il y a d\u2019\u00e9nergie r\u00e9fl\u00e9chie et donc moins il y a d\u2019\u00e9nergie absorb\u00e9e (donc moins il fait chaud)<\/p>\n<p>Les surfaces claires ont un alb\u00e9do plus fort que les surfaces sombres, elles participent donc \u00e0 diminuer l\u2019\u00e9nergie absorb\u00e9e et refroidir la temp\u00e9rature de la Terre.<\/p>\n<p><img loading=\"lazy\" decoding=\"async\" class=\"aligncenter size-full wp-image-3768\" src=\"http:\/\/thibault-svt.fr\/wp-content\/uploads\/2026\/02\/albedo.jpg\" alt=\"\" width=\"1140\" height=\"817\" srcset=\"http:\/\/thibault-svt.fr\/wp-content\/uploads\/2026\/02\/albedo.jpg 1140w, http:\/\/thibault-svt.fr\/wp-content\/uploads\/2026\/02\/albedo-300x215.jpg 300w, http:\/\/thibault-svt.fr\/wp-content\/uploads\/2026\/02\/albedo-1024x734.jpg 1024w, http:\/\/thibault-svt.fr\/wp-content\/uploads\/2026\/02\/albedo-768x550.jpg 768w, http:\/\/thibault-svt.fr\/wp-content\/uploads\/2026\/02\/albedo-900x645.jpg 900w\" sizes=\"auto, (max-width: 1140px) 100vw, 1140px\" \/><\/p>\n<p>&nbsp;<\/p>\n<p><span style=\"text-decoration: underline; color: #3366ff;\"><strong>B- Effet de serre <\/strong><\/span><\/p>\n<p>La Terre \u00e9met un rayonnement sous forme d\u2019infrarouge vers l\u2019atmosph\u00e8re. Cette perte d\u2019\u00e9nergie participe au refroidissement des temp\u00e9ratures.<br \/>\nCependant, une partie de ce rayonnement est absorb\u00e9 par des gaz (les Gaz \u00e0 Effet de Serre) qui le renvoient vers la Terre et r\u00e9chauffent ainsi les temp\u00e9ratures\u00a0: ce ph\u00e9nom\u00e8ne est appel\u00e9 <strong><u>l\u2019Effet de Serre<\/u><\/strong><\/p>\n<p>Les GES sont donc des gaz qui ont la capacit\u00e9 d\u2019absorber et de renvoyer les rayons IR \u00e9mis par la Terre. Les principaux GES sont la vapeur d\u2019eau, le CO<sub>2<\/sub> et le m\u00e9thane.<\/p>\n<p><img loading=\"lazy\" decoding=\"async\" class=\"aligncenter size-full wp-image-3699\" src=\"http:\/\/thibault-svt.fr\/wp-content\/uploads\/2025\/07\/effet-de-serre-pute1.jpg\" alt=\"\" width=\"550\" height=\"309\" srcset=\"http:\/\/thibault-svt.fr\/wp-content\/uploads\/2025\/07\/effet-de-serre-pute1.jpg 550w, http:\/\/thibault-svt.fr\/wp-content\/uploads\/2025\/07\/effet-de-serre-pute1-300x169.jpg 300w\" sizes=\"auto, (max-width: 550px) 100vw, 550px\" \/><\/p>\n<p><span style=\"text-decoration: underline; color: #3366ff;\"><strong> C- Bilan \u00e9nerg\u00e9tique de la Terre. <\/strong><\/span><br \/>\nLe calcul du bilan \u00e9nerg\u00e9tique de la Terre (apports d\u2019\u00e9nergie \u2013 pertes d\u2019\u00e9nergie) avant 1850 \u00e9tait globalement nul\u00a0: cela indique que les temp\u00e9ratures restaient globalement stables.<\/p>\n<p><img loading=\"lazy\" decoding=\"async\" class=\"aligncenter size-full wp-image-3769\" src=\"http:\/\/thibault-svt.fr\/wp-content\/uploads\/2026\/02\/Bilan-energetique.png\" alt=\"\" width=\"1022\" height=\"581\" srcset=\"http:\/\/thibault-svt.fr\/wp-content\/uploads\/2026\/02\/Bilan-energetique.png 1022w, http:\/\/thibault-svt.fr\/wp-content\/uploads\/2026\/02\/Bilan-energetique-300x171.png 300w, http:\/\/thibault-svt.fr\/wp-content\/uploads\/2026\/02\/Bilan-energetique-768x437.png 768w, http:\/\/thibault-svt.fr\/wp-content\/uploads\/2026\/02\/Bilan-energetique-900x512.png 900w\" sizes=\"auto, (max-width: 1022px) 100vw, 1022px\" \/><\/p>\n<p>Cependant, le syst\u00e8me est <strong>en \u00e9quilibre dynamique<\/strong>\u00a0:<\/p>\n<ul>\n<li>Les quantit\u00e9s d\u2019\u00e9nergies r\u00e9fl\u00e9chies varient en fonction de l\u2019alb\u00e9do<\/li>\n<li>L\u2019effet de Serre varie en fonction de la quantit\u00e9 de GES.<\/li>\n<\/ul>\n<p>Ainsi, la modification de ces param\u00e8tres entraine des modifications du bilan \u00e9nerg\u00e9tique et donc de la temp\u00e9rature terrestre globale.<\/p>\n","protected":false},"excerpt":{"rendered":"<p>Chapitre 1 \u2013 Energie et temp\u00e9rature terrestre. La Terre re\u00e7oit de l\u2019\u00e9nergie du Soleil ce qui permet de maintenir la temp\u00e9rature \u00e0 sa surface. Cette temp\u00e9rature subit des variations au cours des heures, de saisons et des changements climatiques. &#8211;&gt; Comment l\u2019\u00e9nergie re\u00e7ue du Soleil participe-t-elle au bilan thermique terrestre\u00a0? I- Une in\u00e9gale r\u00e9partition de [&hellip;]<\/p>\n","protected":false},"author":1,"featured_media":0,"parent":1237,"menu_order":2,"comment_status":"closed","ping_status":"closed","template":"full-width-page-template.php","meta":{"footnotes":""},"class_list":["post-3760","page","type-page","status-publish","hentry"],"yoast_head":"<!-- This site is optimized with the Yoast SEO plugin v24.4 - https:\/\/yoast.com\/wordpress\/plugins\/seo\/ -->\n<title>Chapitre 1 \u2013 Energie et temp\u00e9rature terrestre. - SVT<\/title>\n<meta name=\"robots\" content=\"index, follow, max-snippet:-1, max-image-preview:large, max-video-preview:-1\" \/>\n<link rel=\"canonical\" href=\"http:\/\/thibault-svt.fr\/index.php\/premieres\/enseignement-obligatoire\/3760-2\/\" \/>\n<meta property=\"og:locale\" content=\"fr_FR\" \/>\n<meta property=\"og:type\" content=\"article\" \/>\n<meta property=\"og:title\" content=\"Chapitre 1 \u2013 Energie et temp\u00e9rature terrestre. - SVT\" \/>\n<meta property=\"og:description\" content=\"Chapitre 1 \u2013 Energie et temp\u00e9rature terrestre. La Terre re\u00e7oit de l\u2019\u00e9nergie du Soleil ce qui permet de maintenir la temp\u00e9rature \u00e0 sa surface. Cette temp\u00e9rature subit des variations au cours des heures, de saisons et des changements climatiques. &#8211;&gt; Comment l\u2019\u00e9nergie re\u00e7ue du Soleil participe-t-elle au bilan thermique terrestre\u00a0? I- Une in\u00e9gale r\u00e9partition de [&hellip;]\" \/>\n<meta property=\"og:url\" content=\"http:\/\/thibault-svt.fr\/index.php\/premieres\/enseignement-obligatoire\/3760-2\/\" \/>\n<meta property=\"og:site_name\" content=\"SVT\" \/>\n<meta property=\"article:modified_time\" content=\"2026-02-27T15:54:26+00:00\" \/>\n<meta property=\"og:image\" content=\"http:\/\/thibault-svt.fr\/wp-content\/uploads\/2026\/02\/repartition-energie-solaire.png\" \/>\n\t<meta property=\"og:image:width\" content=\"860\" \/>\n\t<meta property=\"og:image:height\" content=\"195\" \/>\n\t<meta property=\"og:image:type\" content=\"image\/png\" \/>\n<meta name=\"twitter:card\" content=\"summary_large_image\" \/>\n<meta name=\"twitter:label1\" content=\"Dur\u00e9e de lecture estim\u00e9e\" \/>\n\t<meta name=\"twitter:data1\" content=\"5 minutes\" \/>\n<script type=\"application\/ld+json\" class=\"yoast-schema-graph\">{\"@context\":\"https:\/\/schema.org\",\"@graph\":[{\"@type\":\"WebPage\",\"@id\":\"http:\/\/thibault-svt.fr\/index.php\/premieres\/enseignement-obligatoire\/3760-2\/\",\"url\":\"http:\/\/thibault-svt.fr\/index.php\/premieres\/enseignement-obligatoire\/3760-2\/\",\"name\":\"Chapitre 1 \u2013 Energie et temp\u00e9rature terrestre. - SVT\",\"isPartOf\":{\"@id\":\"http:\/\/thibault-svt.fr\/#website\"},\"primaryImageOfPage\":{\"@id\":\"http:\/\/thibault-svt.fr\/index.php\/premieres\/enseignement-obligatoire\/3760-2\/#primaryimage\"},\"image\":{\"@id\":\"http:\/\/thibault-svt.fr\/index.php\/premieres\/enseignement-obligatoire\/3760-2\/#primaryimage\"},\"thumbnailUrl\":\"http:\/\/thibault-svt.fr\/wp-content\/uploads\/2026\/02\/repartition-energie-solaire.png\",\"datePublished\":\"2026-02-21T17:00:17+00:00\",\"dateModified\":\"2026-02-27T15:54:26+00:00\",\"breadcrumb\":{\"@id\":\"http:\/\/thibault-svt.fr\/index.php\/premieres\/enseignement-obligatoire\/3760-2\/#breadcrumb\"},\"inLanguage\":\"fr-FR\",\"potentialAction\":[{\"@type\":\"ReadAction\",\"target\":[\"http:\/\/thibault-svt.fr\/index.php\/premieres\/enseignement-obligatoire\/3760-2\/\"]}]},{\"@type\":\"ImageObject\",\"inLanguage\":\"fr-FR\",\"@id\":\"http:\/\/thibault-svt.fr\/index.php\/premieres\/enseignement-obligatoire\/3760-2\/#primaryimage\",\"url\":\"http:\/\/thibault-svt.fr\/wp-content\/uploads\/2026\/02\/repartition-energie-solaire.png\",\"contentUrl\":\"http:\/\/thibault-svt.fr\/wp-content\/uploads\/2026\/02\/repartition-energie-solaire.png\",\"width\":860,\"height\":195},{\"@type\":\"BreadcrumbList\",\"@id\":\"http:\/\/thibault-svt.fr\/index.php\/premieres\/enseignement-obligatoire\/3760-2\/#breadcrumb\",\"itemListElement\":[{\"@type\":\"ListItem\",\"position\":1,\"name\":\"Accueil\",\"item\":\"http:\/\/thibault-svt.fr\/\"},{\"@type\":\"ListItem\",\"position\":2,\"name\":\"Premi\u00e8res\",\"item\":\"http:\/\/thibault-svt.fr\/index.php\/premieres\/\"},{\"@type\":\"ListItem\",\"position\":3,\"name\":\"Enseignement scientifique\",\"item\":\"http:\/\/thibault-svt.fr\/index.php\/premieres\/enseignement-obligatoire\/\"},{\"@type\":\"ListItem\",\"position\":4,\"name\":\"Chapitre 1 \u2013 Energie et temp\u00e9rature terrestre.\"}]},{\"@type\":\"WebSite\",\"@id\":\"http:\/\/thibault-svt.fr\/#website\",\"url\":\"http:\/\/thibault-svt.fr\/\",\"name\":\"SVT\",\"description\":\"Cours de SVT de Mme Thibault - Professeure au Lyc\u00e9e Maurice Genevoix\",\"potentialAction\":[{\"@type\":\"SearchAction\",\"target\":{\"@type\":\"EntryPoint\",\"urlTemplate\":\"http:\/\/thibault-svt.fr\/?s={search_term_string}\"},\"query-input\":{\"@type\":\"PropertyValueSpecification\",\"valueRequired\":true,\"valueName\":\"search_term_string\"}}],\"inLanguage\":\"fr-FR\"}]}<\/script>\n<!-- \/ Yoast SEO plugin. -->","yoast_head_json":{"title":"Chapitre 1 \u2013 Energie et temp\u00e9rature terrestre. - SVT","robots":{"index":"index","follow":"follow","max-snippet":"max-snippet:-1","max-image-preview":"max-image-preview:large","max-video-preview":"max-video-preview:-1"},"canonical":"http:\/\/thibault-svt.fr\/index.php\/premieres\/enseignement-obligatoire\/3760-2\/","og_locale":"fr_FR","og_type":"article","og_title":"Chapitre 1 \u2013 Energie et temp\u00e9rature terrestre. - SVT","og_description":"Chapitre 1 \u2013 Energie et temp\u00e9rature terrestre. La Terre re\u00e7oit de l\u2019\u00e9nergie du Soleil ce qui permet de maintenir la temp\u00e9rature \u00e0 sa surface. Cette temp\u00e9rature subit des variations au cours des heures, de saisons et des changements climatiques. &#8211;&gt; Comment l\u2019\u00e9nergie re\u00e7ue du Soleil participe-t-elle au bilan thermique terrestre\u00a0? I- Une in\u00e9gale r\u00e9partition de [&hellip;]","og_url":"http:\/\/thibault-svt.fr\/index.php\/premieres\/enseignement-obligatoire\/3760-2\/","og_site_name":"SVT","article_modified_time":"2026-02-27T15:54:26+00:00","og_image":[{"width":860,"height":195,"url":"http:\/\/thibault-svt.fr\/wp-content\/uploads\/2026\/02\/repartition-energie-solaire.png","type":"image\/png"}],"twitter_card":"summary_large_image","twitter_misc":{"Dur\u00e9e de lecture estim\u00e9e":"5 minutes"},"schema":{"@context":"https:\/\/schema.org","@graph":[{"@type":"WebPage","@id":"http:\/\/thibault-svt.fr\/index.php\/premieres\/enseignement-obligatoire\/3760-2\/","url":"http:\/\/thibault-svt.fr\/index.php\/premieres\/enseignement-obligatoire\/3760-2\/","name":"Chapitre 1 \u2013 Energie et temp\u00e9rature terrestre. - SVT","isPartOf":{"@id":"http:\/\/thibault-svt.fr\/#website"},"primaryImageOfPage":{"@id":"http:\/\/thibault-svt.fr\/index.php\/premieres\/enseignement-obligatoire\/3760-2\/#primaryimage"},"image":{"@id":"http:\/\/thibault-svt.fr\/index.php\/premieres\/enseignement-obligatoire\/3760-2\/#primaryimage"},"thumbnailUrl":"http:\/\/thibault-svt.fr\/wp-content\/uploads\/2026\/02\/repartition-energie-solaire.png","datePublished":"2026-02-21T17:00:17+00:00","dateModified":"2026-02-27T15:54:26+00:00","breadcrumb":{"@id":"http:\/\/thibault-svt.fr\/index.php\/premieres\/enseignement-obligatoire\/3760-2\/#breadcrumb"},"inLanguage":"fr-FR","potentialAction":[{"@type":"ReadAction","target":["http:\/\/thibault-svt.fr\/index.php\/premieres\/enseignement-obligatoire\/3760-2\/"]}]},{"@type":"ImageObject","inLanguage":"fr-FR","@id":"http:\/\/thibault-svt.fr\/index.php\/premieres\/enseignement-obligatoire\/3760-2\/#primaryimage","url":"http:\/\/thibault-svt.fr\/wp-content\/uploads\/2026\/02\/repartition-energie-solaire.png","contentUrl":"http:\/\/thibault-svt.fr\/wp-content\/uploads\/2026\/02\/repartition-energie-solaire.png","width":860,"height":195},{"@type":"BreadcrumbList","@id":"http:\/\/thibault-svt.fr\/index.php\/premieres\/enseignement-obligatoire\/3760-2\/#breadcrumb","itemListElement":[{"@type":"ListItem","position":1,"name":"Accueil","item":"http:\/\/thibault-svt.fr\/"},{"@type":"ListItem","position":2,"name":"Premi\u00e8res","item":"http:\/\/thibault-svt.fr\/index.php\/premieres\/"},{"@type":"ListItem","position":3,"name":"Enseignement scientifique","item":"http:\/\/thibault-svt.fr\/index.php\/premieres\/enseignement-obligatoire\/"},{"@type":"ListItem","position":4,"name":"Chapitre 1 \u2013 Energie et temp\u00e9rature terrestre."}]},{"@type":"WebSite","@id":"http:\/\/thibault-svt.fr\/#website","url":"http:\/\/thibault-svt.fr\/","name":"SVT","description":"Cours de SVT de Mme Thibault - Professeure au Lyc\u00e9e Maurice Genevoix","potentialAction":[{"@type":"SearchAction","target":{"@type":"EntryPoint","urlTemplate":"http:\/\/thibault-svt.fr\/?s={search_term_string}"},"query-input":{"@type":"PropertyValueSpecification","valueRequired":true,"valueName":"search_term_string"}}],"inLanguage":"fr-FR"}]}},"_links":{"self":[{"href":"http:\/\/thibault-svt.fr\/index.php\/wp-json\/wp\/v2\/pages\/3760","targetHints":{"allow":["GET"]}}],"collection":[{"href":"http:\/\/thibault-svt.fr\/index.php\/wp-json\/wp\/v2\/pages"}],"about":[{"href":"http:\/\/thibault-svt.fr\/index.php\/wp-json\/wp\/v2\/types\/page"}],"author":[{"embeddable":true,"href":"http:\/\/thibault-svt.fr\/index.php\/wp-json\/wp\/v2\/users\/1"}],"replies":[{"embeddable":true,"href":"http:\/\/thibault-svt.fr\/index.php\/wp-json\/wp\/v2\/comments?post=3760"}],"version-history":[{"count":7,"href":"http:\/\/thibault-svt.fr\/index.php\/wp-json\/wp\/v2\/pages\/3760\/revisions"}],"predecessor-version":[{"id":3804,"href":"http:\/\/thibault-svt.fr\/index.php\/wp-json\/wp\/v2\/pages\/3760\/revisions\/3804"}],"up":[{"embeddable":true,"href":"http:\/\/thibault-svt.fr\/index.php\/wp-json\/wp\/v2\/pages\/1237"}],"wp:attachment":[{"href":"http:\/\/thibault-svt.fr\/index.php\/wp-json\/wp\/v2\/media?parent=3760"}],"curies":[{"name":"wp","href":"https:\/\/api.w.org\/{rel}","templated":true}]}}