{"id":3013,"date":"2024-01-21T15:13:52","date_gmt":"2024-01-21T14:13:52","guid":{"rendered":"http:\/\/thibault-svt.fr\/index.php\/terminales\/specialite-2\/theme-2-atmosphere-hydrosphere-climats-du-passe-a-lavenir\/tp-tspe-th3ch1\/"},"modified":"2024-02-04T12:35:22","modified_gmt":"2024-02-04T11:35:22","slug":"tp-tspe-th3ch1","status":"publish","type":"page","link":"http:\/\/thibault-svt.fr\/index.php\/terminales\/specialite-2\/theme-2-atmosphere-hydrosphere-climats-du-passe-a-lavenir\/tp-tspe-th3ch1\/","title":{"rendered":"TP TSp\u00e9 &#8211; TH3CH1"},"content":{"rendered":"<ul>\n<li><strong><span style=\"color: #000080;\"><a style=\"color: #000080;\" href=\"http:\/\/thibault-svt.fr\/wp-content\/uploads\/2024\/02\/Activite-1-Indices-paleontologiques-et-geologiques.pdf\" target=\"_blank\" rel=\"noopener\">Activit\u00e9 1 : Indices pal\u00e9ontologiques et g\u00e9ologiques<\/a><\/span><\/strong><\/li>\n<li><span style=\"color: #333399;\"><strong><a style=\"color: #333399;\" href=\"http:\/\/thibault-svt.fr\/wp-content\/uploads\/2024\/02\/TP-1-thermometre-isotopique-Eleves.pdf\" target=\"_blank\" rel=\"noopener\">TP1 &#8211; Thermom\u00e9trie isotopique<\/a> +<a style=\"color: #333399;\" href=\"http:\/\/thibault-svt.fr\/index.php\/terminales\/specialite-2\/theme-2-atmosphere-hydrosphere-climats-du-passe-a-lavenir\/tp-tspe-th3ch1\/correction-tp1-deltao18\/\" target=\"_blank\" rel=\"noopener\"> Correction<\/a><\/strong><\/span><\/li>\n<li><strong><span style=\"color: #008080;\"><a style=\"color: #008080;\" href=\"http:\/\/thibault-svt.fr\/wp-content\/uploads\/2024\/02\/TP2-Palynologie-Eleves.pdf\" target=\"_blank\" rel=\"noopener\">TP2<span style=\"color: #008080;\"> &#8211; Palynologie<\/span><\/a> + <a style=\"color: #008080;\" href=\"http:\/\/thibault-svt.fr\/index.php\/terminales\/specialite-2\/theme-2-atmosphere-hydrosphere-climats-du-passe-a-lavenir\/tp-tspe-th3ch1\/correction-tp2-palynologie\/\" target=\"_blank\" rel=\"noopener\">Correction<\/a><\/span><\/strong><\/li>\n<li><strong><span style=\"color: #666699;\"><a style=\"color: #666699;\" href=\"http:\/\/thibault-svt.fr\/wp-content\/uploads\/2024\/02\/Activite-2-Causes-des-changements-climatiques-au-Quaternaire.pdf\" target=\"_blank\" rel=\"noopener\">Activit\u00e9 2 : Causes des variations climatiques Quaternaire<\/a><\/span><\/strong><\/li>\n<\/ul>\n","protected":false},"excerpt":{"rendered":"<p>Activit\u00e9 1 : Indices pal\u00e9ontologiques et g\u00e9ologiques TP1 &#8211; Thermom\u00e9trie isotopique + Correction TP2 &#8211; Palynologie + Correction Activit\u00e9 2 : Causes des variations climatiques Quaternaire<\/p>\n","protected":false},"author":1,"featured_media":0,"parent":145,"menu_order":0,"comment_status":"closed","ping_status":"closed","template":"full-width-page-template.php","meta":{"footnotes":""},"class_list":["post-3013","page","type-page","status-publish","hentry"],"yoast_head":"<!-- This site is optimized with the Yoast SEO plugin v24.4 - https:\/\/yoast.com\/wordpress\/plugins\/seo\/ -->\n<title>TP TSp\u00e9 - TH3CH1 - SVT<\/title>\n<meta name=\"robots\" content=\"index, follow, max-snippet:-1, max-image-preview:large, max-video-preview:-1\" \/>\n<link rel=\"canonical\" href=\"http:\/\/thibault-svt.fr\/index.php\/terminales\/specialite-2\/theme-2-atmosphere-hydrosphere-climats-du-passe-a-lavenir\/tp-tspe-th3ch1\/\" \/>\n<meta property=\"og:locale\" content=\"fr_FR\" \/>\n<meta property=\"og:type\" content=\"article\" \/>\n<meta property=\"og:title\" content=\"TP TSp\u00e9 - TH3CH1 - SVT\" \/>\n<meta property=\"og:description\" content=\"Activit\u00e9 1 : Indices pal\u00e9ontologiques et g\u00e9ologiques TP1 &#8211; Thermom\u00e9trie isotopique + Correction TP2 &#8211; Palynologie + Correction Activit\u00e9 2 : Causes des variations climatiques Quaternaire\" \/>\n<meta property=\"og:url\" content=\"http:\/\/thibault-svt.fr\/index.php\/terminales\/specialite-2\/theme-2-atmosphere-hydrosphere-climats-du-passe-a-lavenir\/tp-tspe-th3ch1\/\" \/>\n<meta property=\"og:site_name\" content=\"SVT\" \/>\n<meta property=\"article:modified_time\" content=\"2024-02-04T11:35:22+00:00\" \/>\n<meta name=\"twitter:card\" content=\"summary_large_image\" \/>\n<meta name=\"twitter:label1\" content=\"Dur\u00e9e de lecture estim\u00e9e\" \/>\n\t<meta name=\"twitter:data1\" content=\"1 minute\" \/>\n<script type=\"application\/ld+json\" class=\"yoast-schema-graph\">{\"@context\":\"https:\/\/schema.org\",\"@graph\":[{\"@type\":\"WebPage\",\"@id\":\"http:\/\/thibault-svt.fr\/index.php\/terminales\/specialite-2\/theme-2-atmosphere-hydrosphere-climats-du-passe-a-lavenir\/tp-tspe-th3ch1\/\",\"url\":\"http:\/\/thibault-svt.fr\/index.php\/terminales\/specialite-2\/theme-2-atmosphere-hydrosphere-climats-du-passe-a-lavenir\/tp-tspe-th3ch1\/\",\"name\":\"TP TSp\u00e9 - TH3CH1 - SVT\",\"isPartOf\":{\"@id\":\"http:\/\/thibault-svt.fr\/#website\"},\"datePublished\":\"2024-01-21T14:13:52+00:00\",\"dateModified\":\"2024-02-04T11:35:22+00:00\",\"breadcrumb\":{\"@id\":\"http:\/\/thibault-svt.fr\/index.php\/terminales\/specialite-2\/theme-2-atmosphere-hydrosphere-climats-du-passe-a-lavenir\/tp-tspe-th3ch1\/#breadcrumb\"},\"inLanguage\":\"fr-FR\",\"potentialAction\":[{\"@type\":\"ReadAction\",\"target\":[\"http:\/\/thibault-svt.fr\/index.php\/terminales\/specialite-2\/theme-2-atmosphere-hydrosphere-climats-du-passe-a-lavenir\/tp-tspe-th3ch1\/\"]}]},{\"@type\":\"BreadcrumbList\",\"@id\":\"http:\/\/thibault-svt.fr\/index.php\/terminales\/specialite-2\/theme-2-atmosphere-hydrosphere-climats-du-passe-a-lavenir\/tp-tspe-th3ch1\/#breadcrumb\",\"itemListElement\":[{\"@type\":\"ListItem\",\"position\":1,\"name\":\"Accueil\",\"item\":\"http:\/\/thibault-svt.fr\/\"},{\"@type\":\"ListItem\",\"position\":2,\"name\":\"Terminales\",\"item\":\"http:\/\/thibault-svt.fr\/index.php\/terminales\/\"},{\"@type\":\"ListItem\",\"position\":3,\"name\":\"Sp\u00e9cialit\u00e9 TG\",\"item\":\"http:\/\/thibault-svt.fr\/index.php\/terminales\/specialite-2\/\"},{\"@type\":\"ListItem\",\"position\":4,\"name\":\"CHAPITRE 1 \u2013 Reconstituer les variations climatiques pass\u00e9es du Quaternaire\",\"item\":\"http:\/\/thibault-svt.fr\/index.php\/terminales\/specialite-2\/theme-2-atmosphere-hydrosphere-climats-du-passe-a-lavenir\/\"},{\"@type\":\"ListItem\",\"position\":5,\"name\":\"TP TSp\u00e9 &#8211; TH3CH1\"}]},{\"@type\":\"WebSite\",\"@id\":\"http:\/\/thibault-svt.fr\/#website\",\"url\":\"http:\/\/thibault-svt.fr\/\",\"name\":\"SVT\",\"description\":\"Cours de SVT de Mme Thibault - Professeure au Lyc\u00e9e Maurice Genevoix\",\"potentialAction\":[{\"@type\":\"SearchAction\",\"target\":{\"@type\":\"EntryPoint\",\"urlTemplate\":\"http:\/\/thibault-svt.fr\/?s={search_term_string}\"},\"query-input\":{\"@type\":\"PropertyValueSpecification\",\"valueRequired\":true,\"valueName\":\"search_term_string\"}}],\"inLanguage\":\"fr-FR\"}]}<\/script>\n<!-- \/ Yoast SEO plugin. -->","yoast_head_json":{"title":"TP TSp\u00e9 - TH3CH1 - SVT","robots":{"index":"index","follow":"follow","max-snippet":"max-snippet:-1","max-image-preview":"max-image-preview:large","max-video-preview":"max-video-preview:-1"},"canonical":"http:\/\/thibault-svt.fr\/index.php\/terminales\/specialite-2\/theme-2-atmosphere-hydrosphere-climats-du-passe-a-lavenir\/tp-tspe-th3ch1\/","og_locale":"fr_FR","og_type":"article","og_title":"TP TSp\u00e9 - TH3CH1 - SVT","og_description":"Activit\u00e9 1 : Indices pal\u00e9ontologiques et g\u00e9ologiques TP1 &#8211; Thermom\u00e9trie isotopique + Correction TP2 &#8211; Palynologie + Correction Activit\u00e9 2 : Causes des variations climatiques Quaternaire","og_url":"http:\/\/thibault-svt.fr\/index.php\/terminales\/specialite-2\/theme-2-atmosphere-hydrosphere-climats-du-passe-a-lavenir\/tp-tspe-th3ch1\/","og_site_name":"SVT","article_modified_time":"2024-02-04T11:35:22+00:00","twitter_card":"summary_large_image","twitter_misc":{"Dur\u00e9e de lecture estim\u00e9e":"1 minute"},"schema":{"@context":"https:\/\/schema.org","@graph":[{"@type":"WebPage","@id":"http:\/\/thibault-svt.fr\/index.php\/terminales\/specialite-2\/theme-2-atmosphere-hydrosphere-climats-du-passe-a-lavenir\/tp-tspe-th3ch1\/","url":"http:\/\/thibault-svt.fr\/index.php\/terminales\/specialite-2\/theme-2-atmosphere-hydrosphere-climats-du-passe-a-lavenir\/tp-tspe-th3ch1\/","name":"TP TSp\u00e9 - TH3CH1 - SVT","isPartOf":{"@id":"http:\/\/thibault-svt.fr\/#website"},"datePublished":"2024-01-21T14:13:52+00:00","dateModified":"2024-02-04T11:35:22+00:00","breadcrumb":{"@id":"http:\/\/thibault-svt.fr\/index.php\/terminales\/specialite-2\/theme-2-atmosphere-hydrosphere-climats-du-passe-a-lavenir\/tp-tspe-th3ch1\/#breadcrumb"},"inLanguage":"fr-FR","potentialAction":[{"@type":"ReadAction","target":["http:\/\/thibault-svt.fr\/index.php\/terminales\/specialite-2\/theme-2-atmosphere-hydrosphere-climats-du-passe-a-lavenir\/tp-tspe-th3ch1\/"]}]},{"@type":"BreadcrumbList","@id":"http:\/\/thibault-svt.fr\/index.php\/terminales\/specialite-2\/theme-2-atmosphere-hydrosphere-climats-du-passe-a-lavenir\/tp-tspe-th3ch1\/#breadcrumb","itemListElement":[{"@type":"ListItem","position":1,"name":"Accueil","item":"http:\/\/thibault-svt.fr\/"},{"@type":"ListItem","position":2,"name":"Terminales","item":"http:\/\/thibault-svt.fr\/index.php\/terminales\/"},{"@type":"ListItem","position":3,"name":"Sp\u00e9cialit\u00e9 TG","item":"http:\/\/thibault-svt.fr\/index.php\/terminales\/specialite-2\/"},{"@type":"ListItem","position":4,"name":"CHAPITRE 1 \u2013 Reconstituer les variations climatiques pass\u00e9es du Quaternaire","item":"http:\/\/thibault-svt.fr\/index.php\/terminales\/specialite-2\/theme-2-atmosphere-hydrosphere-climats-du-passe-a-lavenir\/"},{"@type":"ListItem","position":5,"name":"TP TSp\u00e9 &#8211; TH3CH1"}]},{"@type":"WebSite","@id":"http:\/\/thibault-svt.fr\/#website","url":"http:\/\/thibault-svt.fr\/","name":"SVT","description":"Cours de SVT de Mme Thibault - Professeure au Lyc\u00e9e Maurice Genevoix","potentialAction":[{"@type":"SearchAction","target":{"@type":"EntryPoint","urlTemplate":"http:\/\/thibault-svt.fr\/?s={search_term_string}"},"query-input":{"@type":"PropertyValueSpecification","valueRequired":true,"valueName":"search_term_string"}}],"inLanguage":"fr-FR"}]}},"_links":{"self":[{"href":"http:\/\/thibault-svt.fr\/index.php\/wp-json\/wp\/v2\/pages\/3013","targetHints":{"allow":["GET"]}}],"collection":[{"href":"http:\/\/thibault-svt.fr\/index.php\/wp-json\/wp\/v2\/pages"}],"about":[{"href":"http:\/\/thibault-svt.fr\/index.php\/wp-json\/wp\/v2\/types\/page"}],"author":[{"embeddable":true,"href":"http:\/\/thibault-svt.fr\/index.php\/wp-json\/wp\/v2\/users\/1"}],"replies":[{"embeddable":true,"href":"http:\/\/thibault-svt.fr\/index.php\/wp-json\/wp\/v2\/comments?post=3013"}],"version-history":[{"count":4,"href":"http:\/\/thibault-svt.fr\/index.php\/wp-json\/wp\/v2\/pages\/3013\/revisions"}],"predecessor-version":[{"id":3061,"href":"http:\/\/thibault-svt.fr\/index.php\/wp-json\/wp\/v2\/pages\/3013\/revisions\/3061"}],"up":[{"embeddable":true,"href":"http:\/\/thibault-svt.fr\/index.php\/wp-json\/wp\/v2\/pages\/145"}],"wp:attachment":[{"href":"http:\/\/thibault-svt.fr\/index.php\/wp-json\/wp\/v2\/media?parent=3013"}],"curies":[{"name":"wp","href":"https:\/\/api.w.org\/{rel}","templated":true}]}}