{"id":2241,"date":"2023-02-02T20:52:18","date_gmt":"2023-02-02T19:52:18","guid":{"rendered":"http:\/\/thibault-svt.fr\/?page_id=2241"},"modified":"2023-08-29T16:55:08","modified_gmt":"2023-08-29T14:55:08","slug":"rappels-les-reactions-chimiques","status":"publish","type":"page","link":"http:\/\/thibault-svt.fr\/index.php\/methodes-pour-tous-les-niveaux\/rappels-les-reactions-chimiques\/","title":{"rendered":"Equilibrer une r\u00e9action chimique"},"content":{"rendered":"<h4><span style=\"text-decoration: underline;\"><span style=\"color: #800080;\"><strong>D\u00e9finition : <\/strong><\/span><\/span><\/h4>\n<p><span style=\"color: #000080;\">Dans une r\u00e9action chimique, des mol\u00e9cules appel\u00e9es les <strong>r\u00e9actifs<\/strong> se transforment pour former de nouvelles mol\u00e9cules que l\u2019on appelle les <strong>produits.<\/strong><\/span><\/p>\n<p><span style=\"color: #000080;\">Les r\u00e9actifs peuvent \u00eatre coup\u00e9s, fusionn\u00e9s ensembles, leurs atomes d\u00e9plac\u00e9s \u2026 et il peut y avoir un ou plusieurs r\u00e9actifs et un ou plusieurs produits.<\/span><\/p>\n<p><strong> R\u00e9actifs Produits<\/strong><\/p>\n<p><img loading=\"lazy\" decoding=\"async\" class=\"\" src=\"http:\/\/www.vulgarisation-scientifique.com\/wiki\/uploads\/Reaction_chimique.png\" width=\"610\" height=\"305\" \/><\/p>\n<h6 style=\"text-align: right;\">Source de l&rsquo;image : <a href=\"http:\/\/www.vulgarisation-scientifique.com\/wiki\/Dictionnaire\/R%C3%A9action_chimique\" target=\"_blank\" rel=\"noopener\">vulgarisation scientifique.com<\/a><\/h6>\n<p><span style=\"text-decoration: underline;\"><strong><span style=\"color: #800080; text-decoration: underline;\">Equilibrer une r\u00e9action chimique<\/span><\/strong><\/span><\/p>\n<p><span style=\"color: #000080;\"><strong>Le nombre total d\u2019atomes dans les r\u00e9actifs doit toujours \u00eatre le m\u00eame que le nombre total d\u2019atomes des produits<\/strong> puisque les produits sont form\u00e9s \u00e0 partir des r\u00e9actifs. <\/span><\/p>\n<p><span style=\"color: #000080;\">Ainsi, souvent, plusieurs mol\u00e9cules de r\u00e9actifs et\/ou de produits sont impliqu\u00e9es dans la r\u00e9action, ce qui permet que le bilan d&rsquo;atomes reste \u00e9quilibr\u00e9 entre les r\u00e9actifs et les produits.<\/span><\/p>\n<p><span style=\"color: #000080;\"> Lorsqu&rsquo;on <strong>\u00ab\u00a0\u00e9quilibre une r\u00e9action\u00a0\u00bb<\/strong> cela signifie que l&rsquo;on trouve combien de mol\u00e9cules de r\u00e9actif et combien de mol\u00e9cules de produits interviennent pour avoir autant d&rsquo;atomes avant et apr\u00e8s la r\u00e9action<\/span><\/p>\n<p><span style=\"color: #0000ff;\"><a style=\"color: #0000ff;\" href=\"http:\/\/thibault-svt.fr\/wp-content\/uploads\/2023\/02\/Fiche-Methode-equilibrer-une-equation-chimique.pdf\" target=\"_blank\" rel=\"noopener\">&#8211;&gt; M\u00e9thode pour \u00e9quilibrer une \u00e9quation chimique simple<\/a><\/span><\/p>\n<p><iframe loading=\"lazy\" title=\"\u00c9quilibrer ajuster une \u00e9quation chimique : C6H6 + O2 = CO2 + H2O\" src=\"https:\/\/www.youtube.com\/embed\/A18Recy5YCI\" width=\"1128\" height=\"635\" frameborder=\"0\" allowfullscreen=\"allowfullscreen\"><\/iframe><\/p>\n","protected":false},"excerpt":{"rendered":"<p>D\u00e9finition : Dans une r\u00e9action chimique, des mol\u00e9cules appel\u00e9es les r\u00e9actifs se transforment pour former de nouvelles mol\u00e9cules que l\u2019on appelle les produits. Les r\u00e9actifs peuvent \u00eatre coup\u00e9s, fusionn\u00e9s ensembles, leurs atomes d\u00e9plac\u00e9s \u2026 et il peut y avoir un ou plusieurs r\u00e9actifs et un ou plusieurs produits. R\u00e9actifs Produits Source de l&rsquo;image : vulgarisation [&hellip;]<\/p>\n","protected":false},"author":1,"featured_media":0,"parent":2184,"menu_order":2,"comment_status":"closed","ping_status":"closed","template":"full-width-page-template.php","meta":{"footnotes":""},"class_list":["post-2241","page","type-page","status-publish","hentry"],"yoast_head":"<!-- This site is optimized with the Yoast SEO plugin v24.4 - https:\/\/yoast.com\/wordpress\/plugins\/seo\/ -->\n<title>Equilibrer une r\u00e9action chimique - SVT<\/title>\n<meta name=\"robots\" content=\"index, follow, max-snippet:-1, max-image-preview:large, max-video-preview:-1\" \/>\n<link rel=\"canonical\" href=\"http:\/\/thibault-svt.fr\/index.php\/methodes-pour-tous-les-niveaux\/rappels-les-reactions-chimiques\/\" \/>\n<meta property=\"og:locale\" content=\"fr_FR\" \/>\n<meta property=\"og:type\" content=\"article\" \/>\n<meta property=\"og:title\" content=\"Equilibrer une r\u00e9action chimique - SVT\" \/>\n<meta property=\"og:description\" content=\"D\u00e9finition : Dans une r\u00e9action chimique, des mol\u00e9cules appel\u00e9es les r\u00e9actifs se transforment pour former de nouvelles mol\u00e9cules que l\u2019on appelle les produits. Les r\u00e9actifs peuvent \u00eatre coup\u00e9s, fusionn\u00e9s ensembles, leurs atomes d\u00e9plac\u00e9s \u2026 et il peut y avoir un ou plusieurs r\u00e9actifs et un ou plusieurs produits. R\u00e9actifs Produits Source de l&rsquo;image : vulgarisation [&hellip;]\" \/>\n<meta property=\"og:url\" content=\"http:\/\/thibault-svt.fr\/index.php\/methodes-pour-tous-les-niveaux\/rappels-les-reactions-chimiques\/\" \/>\n<meta property=\"og:site_name\" content=\"SVT\" \/>\n<meta property=\"article:modified_time\" content=\"2023-08-29T14:55:08+00:00\" \/>\n<meta property=\"og:image\" content=\"http:\/\/www.vulgarisation-scientifique.com\/wiki\/uploads\/Reaction_chimique.png\" \/>\n<meta name=\"twitter:card\" content=\"summary_large_image\" \/>\n<meta name=\"twitter:label1\" content=\"Dur\u00e9e de lecture estim\u00e9e\" \/>\n\t<meta name=\"twitter:data1\" content=\"1 minute\" \/>\n<script type=\"application\/ld+json\" class=\"yoast-schema-graph\">{\"@context\":\"https:\/\/schema.org\",\"@graph\":[{\"@type\":\"WebPage\",\"@id\":\"http:\/\/thibault-svt.fr\/index.php\/methodes-pour-tous-les-niveaux\/rappels-les-reactions-chimiques\/\",\"url\":\"http:\/\/thibault-svt.fr\/index.php\/methodes-pour-tous-les-niveaux\/rappels-les-reactions-chimiques\/\",\"name\":\"Equilibrer une r\u00e9action chimique - SVT\",\"isPartOf\":{\"@id\":\"http:\/\/thibault-svt.fr\/#website\"},\"primaryImageOfPage\":{\"@id\":\"http:\/\/thibault-svt.fr\/index.php\/methodes-pour-tous-les-niveaux\/rappels-les-reactions-chimiques\/#primaryimage\"},\"image\":{\"@id\":\"http:\/\/thibault-svt.fr\/index.php\/methodes-pour-tous-les-niveaux\/rappels-les-reactions-chimiques\/#primaryimage\"},\"thumbnailUrl\":\"http:\/\/www.vulgarisation-scientifique.com\/wiki\/uploads\/Reaction_chimique.png\",\"datePublished\":\"2023-02-02T19:52:18+00:00\",\"dateModified\":\"2023-08-29T14:55:08+00:00\",\"breadcrumb\":{\"@id\":\"http:\/\/thibault-svt.fr\/index.php\/methodes-pour-tous-les-niveaux\/rappels-les-reactions-chimiques\/#breadcrumb\"},\"inLanguage\":\"fr-FR\",\"potentialAction\":[{\"@type\":\"ReadAction\",\"target\":[\"http:\/\/thibault-svt.fr\/index.php\/methodes-pour-tous-les-niveaux\/rappels-les-reactions-chimiques\/\"]}]},{\"@type\":\"ImageObject\",\"inLanguage\":\"fr-FR\",\"@id\":\"http:\/\/thibault-svt.fr\/index.php\/methodes-pour-tous-les-niveaux\/rappels-les-reactions-chimiques\/#primaryimage\",\"url\":\"http:\/\/www.vulgarisation-scientifique.com\/wiki\/uploads\/Reaction_chimique.png\",\"contentUrl\":\"http:\/\/www.vulgarisation-scientifique.com\/wiki\/uploads\/Reaction_chimique.png\"},{\"@type\":\"BreadcrumbList\",\"@id\":\"http:\/\/thibault-svt.fr\/index.php\/methodes-pour-tous-les-niveaux\/rappels-les-reactions-chimiques\/#breadcrumb\",\"itemListElement\":[{\"@type\":\"ListItem\",\"position\":1,\"name\":\"Accueil\",\"item\":\"http:\/\/thibault-svt.fr\/\"},{\"@type\":\"ListItem\",\"position\":2,\"name\":\"M\u00e9thodes pour tous les niveaux\",\"item\":\"http:\/\/thibault-svt.fr\/index.php\/methodes-pour-tous-les-niveaux\/\"},{\"@type\":\"ListItem\",\"position\":3,\"name\":\"Equilibrer une r\u00e9action chimique\"}]},{\"@type\":\"WebSite\",\"@id\":\"http:\/\/thibault-svt.fr\/#website\",\"url\":\"http:\/\/thibault-svt.fr\/\",\"name\":\"SVT\",\"description\":\"Cours de SVT de Mme Thibault - Professeure au Lyc\u00e9e Maurice Genevoix\",\"potentialAction\":[{\"@type\":\"SearchAction\",\"target\":{\"@type\":\"EntryPoint\",\"urlTemplate\":\"http:\/\/thibault-svt.fr\/?s={search_term_string}\"},\"query-input\":{\"@type\":\"PropertyValueSpecification\",\"valueRequired\":true,\"valueName\":\"search_term_string\"}}],\"inLanguage\":\"fr-FR\"}]}<\/script>\n<!-- \/ Yoast SEO plugin. -->","yoast_head_json":{"title":"Equilibrer une r\u00e9action chimique - SVT","robots":{"index":"index","follow":"follow","max-snippet":"max-snippet:-1","max-image-preview":"max-image-preview:large","max-video-preview":"max-video-preview:-1"},"canonical":"http:\/\/thibault-svt.fr\/index.php\/methodes-pour-tous-les-niveaux\/rappels-les-reactions-chimiques\/","og_locale":"fr_FR","og_type":"article","og_title":"Equilibrer une r\u00e9action chimique - SVT","og_description":"D\u00e9finition : Dans une r\u00e9action chimique, des mol\u00e9cules appel\u00e9es les r\u00e9actifs se transforment pour former de nouvelles mol\u00e9cules que l\u2019on appelle les produits. Les r\u00e9actifs peuvent \u00eatre coup\u00e9s, fusionn\u00e9s ensembles, leurs atomes d\u00e9plac\u00e9s \u2026 et il peut y avoir un ou plusieurs r\u00e9actifs et un ou plusieurs produits. R\u00e9actifs Produits Source de l&rsquo;image : vulgarisation [&hellip;]","og_url":"http:\/\/thibault-svt.fr\/index.php\/methodes-pour-tous-les-niveaux\/rappels-les-reactions-chimiques\/","og_site_name":"SVT","article_modified_time":"2023-08-29T14:55:08+00:00","og_image":[{"url":"http:\/\/www.vulgarisation-scientifique.com\/wiki\/uploads\/Reaction_chimique.png","type":"","width":"","height":""}],"twitter_card":"summary_large_image","twitter_misc":{"Dur\u00e9e de lecture estim\u00e9e":"1 minute"},"schema":{"@context":"https:\/\/schema.org","@graph":[{"@type":"WebPage","@id":"http:\/\/thibault-svt.fr\/index.php\/methodes-pour-tous-les-niveaux\/rappels-les-reactions-chimiques\/","url":"http:\/\/thibault-svt.fr\/index.php\/methodes-pour-tous-les-niveaux\/rappels-les-reactions-chimiques\/","name":"Equilibrer une r\u00e9action chimique - SVT","isPartOf":{"@id":"http:\/\/thibault-svt.fr\/#website"},"primaryImageOfPage":{"@id":"http:\/\/thibault-svt.fr\/index.php\/methodes-pour-tous-les-niveaux\/rappels-les-reactions-chimiques\/#primaryimage"},"image":{"@id":"http:\/\/thibault-svt.fr\/index.php\/methodes-pour-tous-les-niveaux\/rappels-les-reactions-chimiques\/#primaryimage"},"thumbnailUrl":"http:\/\/www.vulgarisation-scientifique.com\/wiki\/uploads\/Reaction_chimique.png","datePublished":"2023-02-02T19:52:18+00:00","dateModified":"2023-08-29T14:55:08+00:00","breadcrumb":{"@id":"http:\/\/thibault-svt.fr\/index.php\/methodes-pour-tous-les-niveaux\/rappels-les-reactions-chimiques\/#breadcrumb"},"inLanguage":"fr-FR","potentialAction":[{"@type":"ReadAction","target":["http:\/\/thibault-svt.fr\/index.php\/methodes-pour-tous-les-niveaux\/rappels-les-reactions-chimiques\/"]}]},{"@type":"ImageObject","inLanguage":"fr-FR","@id":"http:\/\/thibault-svt.fr\/index.php\/methodes-pour-tous-les-niveaux\/rappels-les-reactions-chimiques\/#primaryimage","url":"http:\/\/www.vulgarisation-scientifique.com\/wiki\/uploads\/Reaction_chimique.png","contentUrl":"http:\/\/www.vulgarisation-scientifique.com\/wiki\/uploads\/Reaction_chimique.png"},{"@type":"BreadcrumbList","@id":"http:\/\/thibault-svt.fr\/index.php\/methodes-pour-tous-les-niveaux\/rappels-les-reactions-chimiques\/#breadcrumb","itemListElement":[{"@type":"ListItem","position":1,"name":"Accueil","item":"http:\/\/thibault-svt.fr\/"},{"@type":"ListItem","position":2,"name":"M\u00e9thodes pour tous les niveaux","item":"http:\/\/thibault-svt.fr\/index.php\/methodes-pour-tous-les-niveaux\/"},{"@type":"ListItem","position":3,"name":"Equilibrer une r\u00e9action chimique"}]},{"@type":"WebSite","@id":"http:\/\/thibault-svt.fr\/#website","url":"http:\/\/thibault-svt.fr\/","name":"SVT","description":"Cours de SVT de Mme Thibault - Professeure au Lyc\u00e9e Maurice Genevoix","potentialAction":[{"@type":"SearchAction","target":{"@type":"EntryPoint","urlTemplate":"http:\/\/thibault-svt.fr\/?s={search_term_string}"},"query-input":{"@type":"PropertyValueSpecification","valueRequired":true,"valueName":"search_term_string"}}],"inLanguage":"fr-FR"}]}},"_links":{"self":[{"href":"http:\/\/thibault-svt.fr\/index.php\/wp-json\/wp\/v2\/pages\/2241","targetHints":{"allow":["GET"]}}],"collection":[{"href":"http:\/\/thibault-svt.fr\/index.php\/wp-json\/wp\/v2\/pages"}],"about":[{"href":"http:\/\/thibault-svt.fr\/index.php\/wp-json\/wp\/v2\/types\/page"}],"author":[{"embeddable":true,"href":"http:\/\/thibault-svt.fr\/index.php\/wp-json\/wp\/v2\/users\/1"}],"replies":[{"embeddable":true,"href":"http:\/\/thibault-svt.fr\/index.php\/wp-json\/wp\/v2\/comments?post=2241"}],"version-history":[{"count":8,"href":"http:\/\/thibault-svt.fr\/index.php\/wp-json\/wp\/v2\/pages\/2241\/revisions"}],"predecessor-version":[{"id":2706,"href":"http:\/\/thibault-svt.fr\/index.php\/wp-json\/wp\/v2\/pages\/2241\/revisions\/2706"}],"up":[{"embeddable":true,"href":"http:\/\/thibault-svt.fr\/index.php\/wp-json\/wp\/v2\/pages\/2184"}],"wp:attachment":[{"href":"http:\/\/thibault-svt.fr\/index.php\/wp-json\/wp\/v2\/media?parent=2241"}],"curies":[{"name":"wp","href":"https:\/\/api.w.org\/{rel}","templated":true}]}}