{"id":1651,"date":"2021-07-27T21:57:47","date_gmt":"2021-07-27T19:57:47","guid":{"rendered":"http:\/\/thibault-svt.fr\/?page_id=1651"},"modified":"2025-02-05T19:39:07","modified_gmt":"2025-02-05T18:39:07","slug":"chapitre-2-hormones-et-procreation","status":"publish","type":"page","link":"http:\/\/thibault-svt.fr\/index.php\/secondes\/cours-de-svt-2nde\/chapitre-2-hormones-et-procreation\/","title":{"rendered":"CHAPITRE 2 \u2013 Fonctionnement des appareils reproducteurs \u00e0 la pubert\u00e9"},"content":{"rendered":"<div class=\"titre-chapitre\">\n<h3 style=\"text-align: center;\">CHAPITRE 2 \u2013 Fonctionnement des appareils reproducteurs \u00e0 la pubert\u00e9<\/h3>\n<\/div>\n<p class=\"titre-partie\">I- Le fonctionnement de l\u2019appareil reproducteur f\u00e9minin \u00e0 la pubert\u00e9<\/p>\n<p>A partir de la pubert\u00e9, l\u2019appareil reproducteur f\u00e9minin devient fonctionnel, ce qui se traduit par deux \u00e9v\u00e8nements\u00a0:<\/p>\n<ul>\n<li>L&rsquo;<strong>apparition r\u00e9guli\u00e8re de menstruations<\/strong> (= r\u00e8gles) tous les 28 jours. Les r\u00e8gles \u00e9tant un d\u00e9tachement de la muqueuse de l&rsquo;ut\u00e9rus (l&rsquo;endom\u00e8tre), la r\u00e9gularit\u00e9 des r\u00e8gles montre que le fonctionnement de l&rsquo;ut\u00e9rus est cyclique.<\/li>\n<li>L&rsquo;<strong>ovulation r\u00e9guli\u00e8re<\/strong> (permettant d\u2019\u00eatre fertile) tous les 28 jours montre que les ovaires fonctionnent \u00e9galement de mani\u00e8re cyclique.<\/li>\n<\/ul>\n<p><span style=\"color: #008000;\"><strong> Probl\u00e8me : Comment fonctionnent les cycles ovarien et ut\u00e9rin et comment sont-ils synchronis\u00e9s ?<\/strong><\/span><\/p>\n<p class=\"titre-TP\"><span style=\"color: #000000;\"><a style=\"color: #000000;\" href=\"http:\/\/thibault-svt.fr\/wp-content\/uploads\/2025\/02\/Act-2-Fonctionnement-cycles-femme-2025-docx-1.pdf\" target=\"_blank\" rel=\"noopener\">Activit\u00e9 2 \u2013 Les cycles chez la femme<\/a><\/span><\/p>\n<p><span class=\"titre-souspartie\">A- Fonctionnement des ovaires.<img loading=\"lazy\" decoding=\"async\" class=\"wp-image-3452 alignright\" src=\"http:\/\/thibault-svt.fr\/wp-content\/uploads\/2025\/02\/Ovaire.png\" alt=\"\" width=\"375\" height=\"248\" srcset=\"http:\/\/thibault-svt.fr\/wp-content\/uploads\/2025\/02\/Ovaire.png 707w, http:\/\/thibault-svt.fr\/wp-content\/uploads\/2025\/02\/Ovaire-300x198.png 300w\" sizes=\"auto, (max-width: 375px) 100vw, 375px\" \/><\/span><\/p>\n<p>Tous les ovules sont pr\u00e9sents dans les ovaires depuis la naissance, ils sont immatures et appel\u00e9s ovocytes. Ils sont entour\u00e9s de <strong>cellules folliculaires.<br \/>\n<\/strong>L\u2019ensemble des cellules folliculaires et d\u2019un ovocyte est appel\u00e9 <strong>follicule.<\/strong><\/p>\n<p>&nbsp;<\/p>\n<p><strong><img loading=\"lazy\" decoding=\"async\" class=\"wp-image-3449 alignleft\" style=\"font-weight: 400;\" src=\"http:\/\/thibault-svt.fr\/wp-content\/uploads\/2025\/02\/Follicules.png\" alt=\"\" width=\"375\" height=\"251\" srcset=\"http:\/\/thibault-svt.fr\/wp-content\/uploads\/2025\/02\/Follicules.png 791w, http:\/\/thibault-svt.fr\/wp-content\/uploads\/2025\/02\/Follicules-300x201.png 300w, http:\/\/thibault-svt.fr\/wp-content\/uploads\/2025\/02\/Follicules-768x515.png 768w\" sizes=\"auto, (max-width: 375px) 100vw, 375px\" \/><\/strong>A partir de la pubert\u00e9, chaque mois, l\u2019ovaire suit un cycle en 3 phases :<\/p>\n<ul>\n<li><strong>Jour 1 \u00e0 13 : <u>Phase folliculaire\u00a0:<\/u><\/strong> certains follicules vont \u00e9voluer. Les cellules folliculaires produisent alors des hormones appel\u00e9es <strong>\u0153strog\u00e8nes.<\/strong><\/li>\n<li><strong>Jour 14\u00a0:<u> Ovulation\u00a0:<\/u><\/strong> Suite \u00e0 un pic d\u2019\u0153strog\u00e8nes, un seul follicule (le follicule de Graaf) va rejeter son ovocyte dans les oviductes\u00a0: c\u2019est l\u2019ovulation.<br \/>\nL\u2019ovocyte est alors appel\u00e9 ovule et peut \u00eatre f\u00e9cond\u00e9.<br \/>\nLes cellules folliculaires restent dans l\u2019ovaire et forment le <strong>corps jaune.<\/strong><\/li>\n<li><strong>Jour 14 \u00e0 28\u00a0: <u>Phase lut\u00e9ale\u00a0:<\/u><\/strong> Le corps jaune produit des \u0153strog\u00e8nes et de la <strong>progest\u00e9rone<\/strong>. S\u2019il n\u2019y a pas de f\u00e9condation, il se d\u00e9grade petit \u00e0 petit jusqu\u2019au d\u00e9but d\u2019un nouveau cycle jusqu\u2019au d\u00e9but d\u2019un nouveau cycle<\/li>\n<\/ul>\n<p>&nbsp;<\/p>\n<p><img loading=\"lazy\" decoding=\"async\" class=\"aligncenter size-full wp-image-3451\" src=\"http:\/\/thibault-svt.fr\/wp-content\/uploads\/2025\/02\/cycle-ovarien.png\" alt=\"\" width=\"1757\" height=\"990\" srcset=\"http:\/\/thibault-svt.fr\/wp-content\/uploads\/2025\/02\/cycle-ovarien.png 1757w, http:\/\/thibault-svt.fr\/wp-content\/uploads\/2025\/02\/cycle-ovarien-300x169.png 300w, http:\/\/thibault-svt.fr\/wp-content\/uploads\/2025\/02\/cycle-ovarien-1024x577.png 1024w, http:\/\/thibault-svt.fr\/wp-content\/uploads\/2025\/02\/cycle-ovarien-768x433.png 768w, http:\/\/thibault-svt.fr\/wp-content\/uploads\/2025\/02\/cycle-ovarien-1536x865.png 1536w, http:\/\/thibault-svt.fr\/wp-content\/uploads\/2025\/02\/cycle-ovarien-900x507.png 900w, http:\/\/thibault-svt.fr\/wp-content\/uploads\/2025\/02\/cycle-ovarien-1280x721.png 1280w\" sizes=\"auto, (max-width: 1757px) 100vw, 1757px\" \/><\/p>\n<p><span class=\"titre-souspartie\">B- Fonctionnement de l\u2019ut\u00e9rus<\/span><br \/>\nL\u2019endom\u00e8tre (= paroi de l\u2019ut\u00e9rus) \u00e9volue \u00e9galement cycliquement.<\/p>\n<ul>\n<li><strong>Jour 1 \u00e0 5 : <u>menstruations<\/u> ou r\u00e8gles : L\u2019endom\u00e8tre se d\u00e9tache, <\/strong>les cellules et vaisseaux sanguins qui le constituent sont \u00e9vacu\u00e9s par le vagin\u00a0: <strong>ce sont les r\u00e8gles.<\/strong><\/li>\n<li><strong>Jour 5 \u00e0 14 : <u>phase prolif\u00e9rative<\/u> <\/strong>l\u2019endom\u00e8tre s\u2019\u00e9paissit<\/li>\n<li><strong>Jour 14 \u00e0 28 : <u>phase s\u00e9cr\u00e9toire<\/u>: <\/strong>L\u2019endom\u00e8tre se vascularise (des vaisseaux sanguins s\u2019y d\u00e9veloppent) et devient alors capable d\u2019accueillir un embryon s\u2019il y a f\u00e9condation. <u>On remarque que cette phase co\u00efncide avec le moment o\u00f9 l\u2019ovule est pr\u00eat \u00e0 \u00eatre f\u00e9cond\u00e9\u00a0: la synchronisation des cycles est n\u00e9cessaire pour la reproduction.<\/u><\/li>\n<\/ul>\n<p><img loading=\"lazy\" decoding=\"async\" class=\"aligncenter size-full wp-image-3456\" src=\"http:\/\/thibault-svt.fr\/wp-content\/uploads\/2025\/02\/cycle-uterin.png\" alt=\"\" width=\"743\" height=\"277\" srcset=\"http:\/\/thibault-svt.fr\/wp-content\/uploads\/2025\/02\/cycle-uterin.png 743w, http:\/\/thibault-svt.fr\/wp-content\/uploads\/2025\/02\/cycle-uterin-300x112.png 300w\" sizes=\"auto, (max-width: 743px) 100vw, 743px\" \/><\/p>\n<p>&nbsp;<\/p>\n<p class=\"titre-partie\">II- Contr\u00f4le des cycles f\u00e9minins.<\/p>\n<p><span style=\"color: #008000;\"><strong>Comment les cycles ovariens et ut\u00e9rins sont-ils synchronis\u00e9s ?<\/strong><\/span><\/p>\n<p class=\"titre-TP\"><span style=\"color: #000000;\"><a style=\"color: #000000;\" href=\"http:\/\/thibault-svt.fr\/wp-content\/uploads\/2025\/02\/Act-3-Synchronisation-cycles-femme-2025-docx.pdf\" target=\"_blank\" rel=\"noopener\">Activit\u00e9 3 &#8211; Synchronisation des cycles reproducteurs f\u00e9minins<\/a><\/span><\/p>\n<p style=\"text-align: left;\"><img loading=\"lazy\" decoding=\"async\" class=\"wp-image-3457 alignleft\" src=\"http:\/\/thibault-svt.fr\/wp-content\/uploads\/2025\/02\/bilan-controle-des-cycles-femme.png\" alt=\"\" width=\"650\" height=\"957\" srcset=\"http:\/\/thibault-svt.fr\/wp-content\/uploads\/2025\/02\/bilan-controle-des-cycles-femme.png 761w, http:\/\/thibault-svt.fr\/wp-content\/uploads\/2025\/02\/bilan-controle-des-cycles-femme-204x300.png 204w, http:\/\/thibault-svt.fr\/wp-content\/uploads\/2025\/02\/bilan-controle-des-cycles-femme-695x1024.png 695w\" sizes=\"auto, (max-width: 650px) 100vw, 650px\" \/><\/p>\n<p>L\u2019hypothalamus secr\u00e8te l\u2019hormone GnRH qui se fixe sur l\u2019hypophyse et stimule la production de l\u2019hormone FSH (Folliculo-Stimulating-Hormon).<br \/>\nLa FSH stimule la croissance des follicules pendant la phase folliculaire du cycle ovarien.<br \/>\nPendant cette phase les cellules folliculaires s\u00e9cr\u00e8tent de plus en plus d\u2019\u0153strog\u00e8nes.<\/p>\n<p><strong>Les ovaires sont donc contr\u00f4l\u00e9s par les hormones LH et FSH de l\u2019hypophyse, et l\u2019hypophyse est contr\u00f4l\u00e9e par l\u2019hormone GNRH de l\u2019hypothalamus. <\/strong><\/p>\n<p>A la fin de la phase folliculaire, il y a un pic d\u2019\u0153strog\u00e8nes (car le follicule de Graaf est mature, il a donc beaucoup de cellules folliculaires, qui s\u00e9cr\u00e8tent beaucoup d\u2019\u0153strog\u00e8nes). Ce pic d\u2019\u0153strog\u00e8ne stimule l\u2019hypophyse, qui s\u00e9cr\u00e8te beaucoup de LH et de FSH : c\u2019est le pic de LH et de FSH qui active l\u2019ovulation : <strong>Les ovaires sont contr\u00f4l\u00e9s par l\u2019hypophyse mais ils contr\u00f4lent aussi l\u2019hypophyse\u00a0en retour : on parle alors de r\u00e9trocontr\u00f4le.<\/strong><\/p>\n<p>A partir de l\u00e0\u00a0 , le corps jaune s\u00e9cr\u00e8te de la progest\u00e9rone qui permet le maintien et la vascularisation de l\u2019endom\u00e8tre.\u00a0 Lorsque le corps jaune r\u00e9gresse, il y a moins de progest\u00e9rone, et l\u2019endom\u00e8tre se d\u00e9tache alors, ce qui provoque les r\u00e8gles. <strong>Les ovaires contr\u00f4lent l\u2019ut\u00e9rus par les hormones \u0153strog\u00e8nes et progest\u00e9rone. <\/strong><\/p>\n<p>Les cycles f\u00e9minins sont donc synchronis\u00e9s par une communication hormonale. <strong><u>Le message hormonal entre ces organes est un langage chimique qui passe<\/u><\/strong><strong><u> par le sang. Ce message est cod\u00e9 sous la forme de variations de concentrations.<\/u><\/strong><\/p>\n<p class=\"titre-partie\">III- Le fonctionnement de l\u2019appareil reproducteur masculin \u00e0 la pubert\u00e9<\/p>\n<p><span class=\"titre-souspartie\">A-\u00a0Production de spermatozo\u00efdes et de testost\u00e9rone<\/span><\/p>\n<p><img loading=\"lazy\" decoding=\"async\" class=\"aligncenter wp-image-3466\" src=\"http:\/\/thibault-svt.fr\/wp-content\/uploads\/2025\/02\/testicule.png\" alt=\"\" width=\"1013\" height=\"507\" srcset=\"http:\/\/thibault-svt.fr\/wp-content\/uploads\/2025\/02\/testicule.png 1165w, http:\/\/thibault-svt.fr\/wp-content\/uploads\/2025\/02\/testicule-300x150.png 300w, http:\/\/thibault-svt.fr\/wp-content\/uploads\/2025\/02\/testicule-1024x512.png 1024w, http:\/\/thibault-svt.fr\/wp-content\/uploads\/2025\/02\/testicule-768x384.png 768w, http:\/\/thibault-svt.fr\/wp-content\/uploads\/2025\/02\/testicule-900x450.png 900w\" sizes=\"auto, (max-width: 1013px) 100vw, 1013px\" \/><br \/>\nA partir de la pubert\u00e9, <strong>les testicules produisent en permanence des spermatozo\u00efdes<\/strong> <strong>\u00e0 partir des cellules des tubes s\u00e9minif\u00e8res<\/strong>.<br \/>\nCes spermatozo\u00efdes sont alors immatures et deviendront fonctionnels dans le sperme, en se m\u00e9langeant aux liquides produits par les glandes.<\/p>\n<p><strong>Les testicules produisent \u00e9galement une hormone, la testost\u00e9rone, au niveau des cellules interstitielles<\/strong> (=cellules de Leydig).<br \/>\nCette hormone passera ensuite dans le sang et pourra se fixer sur toutes les cellules-cibles du corps qui poss\u00e8dent un r\u00e9cepteur sp\u00e9cifique \u00e0 la testost\u00e9rone et activer leur fonctionnement.<br \/>\nOn peut citer comme exemple de cellule-cible \u00e0 la testost\u00e9rone\u00a0: les cellules des cordes vocales, les cellules musculaires, les cellules \u00e0 l\u2019origine des poils \u2026 <strong>La testost\u00e9rone permet donc la mise en place des caract\u00e8res sexuels secondaires. <\/strong><\/p>\n<p><strong>C\u2019est donc l\u2019activation des testicules \u00e0 la pubert\u00e9 qui rends le jeune homme fertile et qui entraine la mise en place des caract\u00e8res secondaires. <\/strong><\/p>\n<p><span class=\"titre-souspartie\"> B- Contr\u00f4le de l\u2019activit\u00e9 testiculaire<\/span><\/p>\n<p class=\"titre-TP\"><span style=\"color: #000000;\"><a style=\"color: #000000;\" href=\"http:\/\/thibault-svt.fr\/wp-content\/uploads\/2025\/02\/Activite-3-App-repro-masculin-2025-1.pdf\" target=\"_blank\" rel=\"noopener\">Activit\u00e9\u00a0 4-\u00a0 Fonctionnement de l&rsquo;appareil reproducteur masculin<\/a><\/span><\/p>\n<p><strong>L\u2019activit\u00e9 des testicules est contr\u00f4l\u00e9e par des hormones c\u00e9r\u00e9brales<\/strong>, fabriqu\u00e9es par deux structures du cerveau\u00a0:<\/p>\n<ul>\n<li>L\u2019hypothalamus produit l\u2019hormone GnRH<\/li>\n<li>L\u2019hypophyse produit deux hormones\u00a0: LH et FSH<\/li>\n<\/ul>\n<p>La GnRH, produite par l\u2019hypothalamus,\u00a0 active la formation de LH et FSH par l\u2019hypophyse.<br \/>\nLa LH se fixe sur les cellules de Leydig et entraine la production de testost\u00e9rone<br \/>\nLa FSH se fixe sur les cellules des tubes s\u00e9minif\u00e8res et entraine la production de spermatozo\u00efdes<\/p>\n<h3 style=\"text-align: center;\"><img loading=\"lazy\" decoding=\"async\" class=\"aligncenter size-full wp-image-3468\" src=\"http:\/\/thibault-svt.fr\/wp-content\/uploads\/2025\/02\/controle-homme.png\" alt=\"\" width=\"405\" height=\"638\" srcset=\"http:\/\/thibault-svt.fr\/wp-content\/uploads\/2025\/02\/controle-homme.png 405w, http:\/\/thibault-svt.fr\/wp-content\/uploads\/2025\/02\/controle-homme-190x300.png 190w\" sizes=\"auto, (max-width: 405px) 100vw, 405px\" \/><\/h3>\n<p>La pubert\u00e9 est donc d\u00e9clench\u00e9e par le d\u00e9but de la production de GnRH par l\u2019hypothalamus<\/p>\n","protected":false},"excerpt":{"rendered":"<p>CHAPITRE 2 \u2013 Fonctionnement des appareils reproducteurs \u00e0 la pubert\u00e9 I- Le fonctionnement de l\u2019appareil reproducteur f\u00e9minin \u00e0 la pubert\u00e9 A partir de la pubert\u00e9, l\u2019appareil reproducteur f\u00e9minin devient fonctionnel, ce qui se traduit par deux \u00e9v\u00e8nements\u00a0: L&rsquo;apparition r\u00e9guli\u00e8re de menstruations (= r\u00e8gles) tous les 28 jours. Les r\u00e8gles \u00e9tant un d\u00e9tachement de la muqueuse [&hellip;]<\/p>\n","protected":false},"author":1,"featured_media":0,"parent":1633,"menu_order":7,"comment_status":"closed","ping_status":"closed","template":"full-width-page-template.php","meta":{"footnotes":""},"class_list":["post-1651","page","type-page","status-publish","hentry"],"yoast_head":"<!-- This site is optimized with the Yoast SEO plugin v24.4 - https:\/\/yoast.com\/wordpress\/plugins\/seo\/ -->\n<title>CHAPITRE 2 \u2013 Fonctionnement des appareils reproducteurs \u00e0 la pubert\u00e9 - SVT<\/title>\n<meta name=\"robots\" content=\"index, follow, max-snippet:-1, max-image-preview:large, max-video-preview:-1\" \/>\n<link rel=\"canonical\" href=\"http:\/\/thibault-svt.fr\/index.php\/secondes\/cours-de-svt-2nde\/chapitre-2-hormones-et-procreation\/\" \/>\n<meta property=\"og:locale\" content=\"fr_FR\" \/>\n<meta property=\"og:type\" content=\"article\" \/>\n<meta property=\"og:title\" content=\"CHAPITRE 2 \u2013 Fonctionnement des appareils reproducteurs \u00e0 la pubert\u00e9 - SVT\" \/>\n<meta property=\"og:description\" content=\"CHAPITRE 2 \u2013 Fonctionnement des appareils reproducteurs \u00e0 la pubert\u00e9 I- Le fonctionnement de l\u2019appareil reproducteur f\u00e9minin \u00e0 la pubert\u00e9 A partir de la pubert\u00e9, l\u2019appareil reproducteur f\u00e9minin devient fonctionnel, ce qui se traduit par deux \u00e9v\u00e8nements\u00a0: L&rsquo;apparition r\u00e9guli\u00e8re de menstruations (= r\u00e8gles) tous les 28 jours. Les r\u00e8gles \u00e9tant un d\u00e9tachement de la muqueuse [&hellip;]\" \/>\n<meta property=\"og:url\" content=\"http:\/\/thibault-svt.fr\/index.php\/secondes\/cours-de-svt-2nde\/chapitre-2-hormones-et-procreation\/\" \/>\n<meta property=\"og:site_name\" content=\"SVT\" \/>\n<meta property=\"article:modified_time\" content=\"2025-02-05T18:39:07+00:00\" \/>\n<meta property=\"og:image\" content=\"http:\/\/thibault-svt.fr\/wp-content\/uploads\/2025\/02\/Ovaire.png\" \/>\n\t<meta property=\"og:image:width\" content=\"707\" \/>\n\t<meta property=\"og:image:height\" content=\"467\" \/>\n\t<meta property=\"og:image:type\" content=\"image\/png\" \/>\n<meta name=\"twitter:card\" content=\"summary_large_image\" \/>\n<meta name=\"twitter:label1\" content=\"Dur\u00e9e de lecture estim\u00e9e\" \/>\n\t<meta name=\"twitter:data1\" content=\"6 minutes\" \/>\n<script type=\"application\/ld+json\" class=\"yoast-schema-graph\">{\"@context\":\"https:\/\/schema.org\",\"@graph\":[{\"@type\":\"WebPage\",\"@id\":\"http:\/\/thibault-svt.fr\/index.php\/secondes\/cours-de-svt-2nde\/chapitre-2-hormones-et-procreation\/\",\"url\":\"http:\/\/thibault-svt.fr\/index.php\/secondes\/cours-de-svt-2nde\/chapitre-2-hormones-et-procreation\/\",\"name\":\"CHAPITRE 2 \u2013 Fonctionnement des appareils reproducteurs \u00e0 la pubert\u00e9 - SVT\",\"isPartOf\":{\"@id\":\"http:\/\/thibault-svt.fr\/#website\"},\"primaryImageOfPage\":{\"@id\":\"http:\/\/thibault-svt.fr\/index.php\/secondes\/cours-de-svt-2nde\/chapitre-2-hormones-et-procreation\/#primaryimage\"},\"image\":{\"@id\":\"http:\/\/thibault-svt.fr\/index.php\/secondes\/cours-de-svt-2nde\/chapitre-2-hormones-et-procreation\/#primaryimage\"},\"thumbnailUrl\":\"http:\/\/thibault-svt.fr\/wp-content\/uploads\/2025\/02\/Ovaire.png\",\"datePublished\":\"2021-07-27T19:57:47+00:00\",\"dateModified\":\"2025-02-05T18:39:07+00:00\",\"breadcrumb\":{\"@id\":\"http:\/\/thibault-svt.fr\/index.php\/secondes\/cours-de-svt-2nde\/chapitre-2-hormones-et-procreation\/#breadcrumb\"},\"inLanguage\":\"fr-FR\",\"potentialAction\":[{\"@type\":\"ReadAction\",\"target\":[\"http:\/\/thibault-svt.fr\/index.php\/secondes\/cours-de-svt-2nde\/chapitre-2-hormones-et-procreation\/\"]}]},{\"@type\":\"ImageObject\",\"inLanguage\":\"fr-FR\",\"@id\":\"http:\/\/thibault-svt.fr\/index.php\/secondes\/cours-de-svt-2nde\/chapitre-2-hormones-et-procreation\/#primaryimage\",\"url\":\"http:\/\/thibault-svt.fr\/wp-content\/uploads\/2025\/02\/Ovaire.png\",\"contentUrl\":\"http:\/\/thibault-svt.fr\/wp-content\/uploads\/2025\/02\/Ovaire.png\",\"width\":707,\"height\":467},{\"@type\":\"BreadcrumbList\",\"@id\":\"http:\/\/thibault-svt.fr\/index.php\/secondes\/cours-de-svt-2nde\/chapitre-2-hormones-et-procreation\/#breadcrumb\",\"itemListElement\":[{\"@type\":\"ListItem\",\"position\":1,\"name\":\"Accueil\",\"item\":\"http:\/\/thibault-svt.fr\/\"},{\"@type\":\"ListItem\",\"position\":2,\"name\":\"Secondes\",\"item\":\"http:\/\/thibault-svt.fr\/index.php\/secondes\/\"},{\"@type\":\"ListItem\",\"position\":3,\"name\":\"Cours de SVT &#8211; 2nde\",\"item\":\"http:\/\/thibault-svt.fr\/index.php\/secondes\/cours-de-svt-2nde\/\"},{\"@type\":\"ListItem\",\"position\":4,\"name\":\"CHAPITRE 2 \u2013 Fonctionnement des appareils reproducteurs \u00e0 la pubert\u00e9\"}]},{\"@type\":\"WebSite\",\"@id\":\"http:\/\/thibault-svt.fr\/#website\",\"url\":\"http:\/\/thibault-svt.fr\/\",\"name\":\"SVT\",\"description\":\"Cours de SVT de Mme Thibault - Professeure au Lyc\u00e9e Maurice Genevoix\",\"potentialAction\":[{\"@type\":\"SearchAction\",\"target\":{\"@type\":\"EntryPoint\",\"urlTemplate\":\"http:\/\/thibault-svt.fr\/?s={search_term_string}\"},\"query-input\":{\"@type\":\"PropertyValueSpecification\",\"valueRequired\":true,\"valueName\":\"search_term_string\"}}],\"inLanguage\":\"fr-FR\"}]}<\/script>\n<!-- \/ Yoast SEO plugin. -->","yoast_head_json":{"title":"CHAPITRE 2 \u2013 Fonctionnement des appareils reproducteurs \u00e0 la pubert\u00e9 - SVT","robots":{"index":"index","follow":"follow","max-snippet":"max-snippet:-1","max-image-preview":"max-image-preview:large","max-video-preview":"max-video-preview:-1"},"canonical":"http:\/\/thibault-svt.fr\/index.php\/secondes\/cours-de-svt-2nde\/chapitre-2-hormones-et-procreation\/","og_locale":"fr_FR","og_type":"article","og_title":"CHAPITRE 2 \u2013 Fonctionnement des appareils reproducteurs \u00e0 la pubert\u00e9 - SVT","og_description":"CHAPITRE 2 \u2013 Fonctionnement des appareils reproducteurs \u00e0 la pubert\u00e9 I- Le fonctionnement de l\u2019appareil reproducteur f\u00e9minin \u00e0 la pubert\u00e9 A partir de la pubert\u00e9, l\u2019appareil reproducteur f\u00e9minin devient fonctionnel, ce qui se traduit par deux \u00e9v\u00e8nements\u00a0: L&rsquo;apparition r\u00e9guli\u00e8re de menstruations (= r\u00e8gles) tous les 28 jours. Les r\u00e8gles \u00e9tant un d\u00e9tachement de la muqueuse [&hellip;]","og_url":"http:\/\/thibault-svt.fr\/index.php\/secondes\/cours-de-svt-2nde\/chapitre-2-hormones-et-procreation\/","og_site_name":"SVT","article_modified_time":"2025-02-05T18:39:07+00:00","og_image":[{"width":707,"height":467,"url":"http:\/\/thibault-svt.fr\/wp-content\/uploads\/2025\/02\/Ovaire.png","type":"image\/png"}],"twitter_card":"summary_large_image","twitter_misc":{"Dur\u00e9e de lecture estim\u00e9e":"6 minutes"},"schema":{"@context":"https:\/\/schema.org","@graph":[{"@type":"WebPage","@id":"http:\/\/thibault-svt.fr\/index.php\/secondes\/cours-de-svt-2nde\/chapitre-2-hormones-et-procreation\/","url":"http:\/\/thibault-svt.fr\/index.php\/secondes\/cours-de-svt-2nde\/chapitre-2-hormones-et-procreation\/","name":"CHAPITRE 2 \u2013 Fonctionnement des appareils reproducteurs \u00e0 la pubert\u00e9 - SVT","isPartOf":{"@id":"http:\/\/thibault-svt.fr\/#website"},"primaryImageOfPage":{"@id":"http:\/\/thibault-svt.fr\/index.php\/secondes\/cours-de-svt-2nde\/chapitre-2-hormones-et-procreation\/#primaryimage"},"image":{"@id":"http:\/\/thibault-svt.fr\/index.php\/secondes\/cours-de-svt-2nde\/chapitre-2-hormones-et-procreation\/#primaryimage"},"thumbnailUrl":"http:\/\/thibault-svt.fr\/wp-content\/uploads\/2025\/02\/Ovaire.png","datePublished":"2021-07-27T19:57:47+00:00","dateModified":"2025-02-05T18:39:07+00:00","breadcrumb":{"@id":"http:\/\/thibault-svt.fr\/index.php\/secondes\/cours-de-svt-2nde\/chapitre-2-hormones-et-procreation\/#breadcrumb"},"inLanguage":"fr-FR","potentialAction":[{"@type":"ReadAction","target":["http:\/\/thibault-svt.fr\/index.php\/secondes\/cours-de-svt-2nde\/chapitre-2-hormones-et-procreation\/"]}]},{"@type":"ImageObject","inLanguage":"fr-FR","@id":"http:\/\/thibault-svt.fr\/index.php\/secondes\/cours-de-svt-2nde\/chapitre-2-hormones-et-procreation\/#primaryimage","url":"http:\/\/thibault-svt.fr\/wp-content\/uploads\/2025\/02\/Ovaire.png","contentUrl":"http:\/\/thibault-svt.fr\/wp-content\/uploads\/2025\/02\/Ovaire.png","width":707,"height":467},{"@type":"BreadcrumbList","@id":"http:\/\/thibault-svt.fr\/index.php\/secondes\/cours-de-svt-2nde\/chapitre-2-hormones-et-procreation\/#breadcrumb","itemListElement":[{"@type":"ListItem","position":1,"name":"Accueil","item":"http:\/\/thibault-svt.fr\/"},{"@type":"ListItem","position":2,"name":"Secondes","item":"http:\/\/thibault-svt.fr\/index.php\/secondes\/"},{"@type":"ListItem","position":3,"name":"Cours de SVT &#8211; 2nde","item":"http:\/\/thibault-svt.fr\/index.php\/secondes\/cours-de-svt-2nde\/"},{"@type":"ListItem","position":4,"name":"CHAPITRE 2 \u2013 Fonctionnement des appareils reproducteurs \u00e0 la pubert\u00e9"}]},{"@type":"WebSite","@id":"http:\/\/thibault-svt.fr\/#website","url":"http:\/\/thibault-svt.fr\/","name":"SVT","description":"Cours de SVT de Mme Thibault - Professeure au Lyc\u00e9e Maurice Genevoix","potentialAction":[{"@type":"SearchAction","target":{"@type":"EntryPoint","urlTemplate":"http:\/\/thibault-svt.fr\/?s={search_term_string}"},"query-input":{"@type":"PropertyValueSpecification","valueRequired":true,"valueName":"search_term_string"}}],"inLanguage":"fr-FR"}]}},"_links":{"self":[{"href":"http:\/\/thibault-svt.fr\/index.php\/wp-json\/wp\/v2\/pages\/1651","targetHints":{"allow":["GET"]}}],"collection":[{"href":"http:\/\/thibault-svt.fr\/index.php\/wp-json\/wp\/v2\/pages"}],"about":[{"href":"http:\/\/thibault-svt.fr\/index.php\/wp-json\/wp\/v2\/types\/page"}],"author":[{"embeddable":true,"href":"http:\/\/thibault-svt.fr\/index.php\/wp-json\/wp\/v2\/users\/1"}],"replies":[{"embeddable":true,"href":"http:\/\/thibault-svt.fr\/index.php\/wp-json\/wp\/v2\/comments?post=1651"}],"version-history":[{"count":18,"href":"http:\/\/thibault-svt.fr\/index.php\/wp-json\/wp\/v2\/pages\/1651\/revisions"}],"predecessor-version":[{"id":3476,"href":"http:\/\/thibault-svt.fr\/index.php\/wp-json\/wp\/v2\/pages\/1651\/revisions\/3476"}],"up":[{"embeddable":true,"href":"http:\/\/thibault-svt.fr\/index.php\/wp-json\/wp\/v2\/pages\/1633"}],"wp:attachment":[{"href":"http:\/\/thibault-svt.fr\/index.php\/wp-json\/wp\/v2\/media?parent=1651"}],"curies":[{"name":"wp","href":"https:\/\/api.w.org\/{rel}","templated":true}]}}