{"id":1237,"date":"2019-08-28T15:40:46","date_gmt":"2019-08-28T13:40:46","guid":{"rendered":"http:\/\/thibault-svt.fr\/?page_id=1237"},"modified":"2026-03-01T10:39:42","modified_gmt":"2026-03-01T09:39:42","slug":"enseignement-obligatoire","status":"publish","type":"page","link":"http:\/\/thibault-svt.fr\/index.php\/premieres\/enseignement-obligatoire\/","title":{"rendered":"Enseignement scientifique"},"content":{"rendered":"<p><span style=\"color: #333399;\"><strong>THEME 1 &#8211; Organisation de la mati\u00e8re<\/strong><\/span><\/p>\n<ul>\n<li><span style=\"color: #666699;\"><a style=\"color: #666699;\" href=\"http:\/\/thibault-svt.fr\/index.php\/premieres\/enseignement-obligatoire\/niveaux-dorganisation-du-vivant\/\" target=\"_blank\" rel=\"noopener\"><span style=\"text-decoration: underline;\"><strong>Les niveaux d&rsquo;organisation du vivant <\/strong><\/span><\/a><strong>+<\/strong><a style=\"color: #666699;\" href=\"http:\/\/thibault-svt.fr\/index.php\/wp_quiz\/qr-1es-niveaux-dorganisation-du-vivant\/\" target=\"_blank\" rel=\"noopener\"><span style=\"text-decoration: underline;\"><strong> Questions-R\u00e9ponses pour r\u00e9viser<\/strong><\/span><\/a><\/span><\/li>\n<li><span style=\"color: #33cccc;\"><a style=\"color: #33cccc;\" href=\"http:\/\/thibault-svt.fr\/index.php\/premieres\/enseignement-obligatoire\/chapitre-2-la-cellule-une-structure-complexe\/\" target=\"_blank\" rel=\"noopener\"><strong>L&rsquo;histoire de la th\u00e9orie cellulaire\u00a0<\/strong><\/a><strong> +<\/strong><a style=\"color: #33cccc;\" href=\"http:\/\/thibault-svt.fr\/index.php\/wp_quiz\/qr-1es-construction-de-la-theorie-cellulaire\/\"><span style=\"text-decoration: underline;\"><strong> Questions-R\u00e9ponses pour r\u00e9viser<\/strong><\/span><\/a><\/span><\/li>\n<li><span style=\"color: #008080;\"><a style=\"color: #008080;\" href=\"http:\/\/thibault-svt.fr\/index.php\/premieres\/enseignement-obligatoire\/la-membrane-plasmique-relation-structure-fonction\/\"><span style=\"text-decoration: underline;\"><strong>L&rsquo;organisation de la membrane plasmique <\/strong><\/span><\/a><strong>+ <span style=\"color: #008080;\"><a style=\"color: #008080;\" href=\"http:\/\/thibault-svt.fr\/index.php\/wp_quiz\/qr-1es-structure-de-la-membrane-plasmique\/\" target=\"_blank\" rel=\"noopener\">Questions-r\u00e9ponses pour r\u00e9viser<\/a><\/span><\/strong><\/span><\/li>\n<li><span style=\"color: #0000ff;\"><a style=\"color: #0000ff;\" href=\"http:\/\/thibault-svt.fr\/index.php\/premieres\/enseignement-obligatoire\/chapitre-1-les-cristaux-des-edifices-ordonnes\/\" target=\"_blank\" rel=\"noopener\"><strong>L&rsquo;organisation de la mati\u00e8re inerte<\/strong><\/a><\/span><\/li>\n<\/ul>\n<p>&nbsp;<\/p>\n<p><span style=\"color: #10a344;\"><strong>THEME 2 &#8211; L&rsquo;\u00e9nergie sur Terre<\/strong><\/span><\/p>\n<ul>\n<li><a href=\"http:\/\/thibault-svt.fr\/index.php\/premieres\/enseignement-obligatoire\/3760-2\/\" target=\"_blank\" rel=\"noopener\"><span style=\"text-decoration: underline; color: #55c29c;\"><strong>\u00a0Energie solaire et temp\u00e9rature terrestre<\/strong><\/span><\/a><\/li>\n<li><span style=\"color: #2ec742;\"><a style=\"color: #2ec742;\" href=\"http:\/\/thibault-svt.fr\/index.php\/premieres\/enseignement-obligatoire\/chapitre-3-la-photosynthese-une-conversion-de-lenergie-solaire\/\" target=\"_blank\" rel=\"noopener\"><strong>La photosynth\u00e8se : une conversion de l&rsquo;\u00e9nergie solaire<\/strong><\/a><\/span><\/li>\n<\/ul>\n<p>&nbsp;<\/p>\n<p><span style=\"color: #ff6600;\"><strong>THEME 3 &#8211; Le son<\/strong><\/span><\/p>\n<ul>\n<li><span style=\"color: #ffcc00;\"><a style=\"color: #ffcc00;\" href=\"http:\/\/thibault-svt.fr\/index.php\/premieres\/enseignement-obligatoire\/chapitre-5-fonctionnement-de-loreille\/\" target=\"_blank\" rel=\"noopener\"><strong>Fonctionnement de l&rsquo;oreille<\/strong><\/a><\/span><\/li>\n<\/ul>\n<p>&nbsp;<\/p>\n<p><span style=\"color: #a803a8;\"><strong>THEME 4 &#8211; La Terre<\/strong><\/span><\/p>\n<ul>\n<li><span style=\"color: #ff00ff;\"><a style=\"color: #ff00ff;\" href=\"http:\/\/thibault-svt.fr\/index.php\/premieres\/enseignement-obligatoire\/chapitre-6-decouverte-de-la-forme-de-la-terre-2\/\" target=\"_blank\" rel=\"noopener\"><strong>D\u00e9couverte de la forme de la Terre<\/strong><\/a><\/span><\/li>\n<li><span style=\"color: #cc99ff;\"><a style=\"color: #cc99ff;\" href=\"http:\/\/thibault-svt.fr\/index.php\/premieres\/enseignement-obligatoire\/chapitre-6-decouverte-de-la-forme-de-la-terre\/\" target=\"_blank\" rel=\"noopener\"><strong>L&rsquo;\u00e2ge de la Terre<\/strong><\/a><\/span><\/li>\n<\/ul>\n","protected":false},"excerpt":{"rendered":"<p>THEME 1 &#8211; Organisation de la mati\u00e8re Les niveaux d&rsquo;organisation du vivant + Questions-R\u00e9ponses pour r\u00e9viser L&rsquo;histoire de la th\u00e9orie cellulaire\u00a0 + Questions-R\u00e9ponses pour r\u00e9viser L&rsquo;organisation de la membrane plasmique + Questions-r\u00e9ponses pour r\u00e9viser L&rsquo;organisation de la mati\u00e8re inerte &nbsp; THEME 2 &#8211; L&rsquo;\u00e9nergie sur Terre \u00a0Energie solaire et temp\u00e9rature terrestre La photosynth\u00e8se : une [&hellip;]<\/p>\n","protected":false},"author":1,"featured_media":0,"parent":1232,"menu_order":2,"comment_status":"closed","ping_status":"closed","template":"full-width-page-template.php","meta":{"footnotes":""},"class_list":["post-1237","page","type-page","status-publish","hentry"],"yoast_head":"<!-- This site is optimized with the Yoast SEO plugin v24.4 - https:\/\/yoast.com\/wordpress\/plugins\/seo\/ -->\n<title>Enseignement scientifique - SVT<\/title>\n<meta name=\"robots\" content=\"index, follow, max-snippet:-1, max-image-preview:large, max-video-preview:-1\" \/>\n<link rel=\"canonical\" href=\"http:\/\/thibault-svt.fr\/index.php\/premieres\/enseignement-obligatoire\/\" \/>\n<meta property=\"og:locale\" content=\"fr_FR\" \/>\n<meta property=\"og:type\" content=\"article\" \/>\n<meta property=\"og:title\" content=\"Enseignement scientifique - SVT\" \/>\n<meta property=\"og:description\" content=\"THEME 1 &#8211; Organisation de la mati\u00e8re Les niveaux d&rsquo;organisation du vivant + Questions-R\u00e9ponses pour r\u00e9viser L&rsquo;histoire de la th\u00e9orie cellulaire\u00a0 + Questions-R\u00e9ponses pour r\u00e9viser L&rsquo;organisation de la membrane plasmique + Questions-r\u00e9ponses pour r\u00e9viser L&rsquo;organisation de la mati\u00e8re inerte &nbsp; THEME 2 &#8211; L&rsquo;\u00e9nergie sur Terre \u00a0Energie solaire et temp\u00e9rature terrestre La photosynth\u00e8se : une [&hellip;]\" \/>\n<meta property=\"og:url\" content=\"http:\/\/thibault-svt.fr\/index.php\/premieres\/enseignement-obligatoire\/\" \/>\n<meta property=\"og:site_name\" content=\"SVT\" \/>\n<meta property=\"article:modified_time\" content=\"2026-03-01T09:39:42+00:00\" \/>\n<meta name=\"twitter:card\" content=\"summary_large_image\" \/>\n<meta name=\"twitter:label1\" content=\"Dur\u00e9e de lecture estim\u00e9e\" \/>\n\t<meta name=\"twitter:data1\" content=\"1 minute\" \/>\n<script type=\"application\/ld+json\" class=\"yoast-schema-graph\">{\"@context\":\"https:\/\/schema.org\",\"@graph\":[{\"@type\":\"WebPage\",\"@id\":\"http:\/\/thibault-svt.fr\/index.php\/premieres\/enseignement-obligatoire\/\",\"url\":\"http:\/\/thibault-svt.fr\/index.php\/premieres\/enseignement-obligatoire\/\",\"name\":\"Enseignement scientifique - SVT\",\"isPartOf\":{\"@id\":\"http:\/\/thibault-svt.fr\/#website\"},\"datePublished\":\"2019-08-28T13:40:46+00:00\",\"dateModified\":\"2026-03-01T09:39:42+00:00\",\"breadcrumb\":{\"@id\":\"http:\/\/thibault-svt.fr\/index.php\/premieres\/enseignement-obligatoire\/#breadcrumb\"},\"inLanguage\":\"fr-FR\",\"potentialAction\":[{\"@type\":\"ReadAction\",\"target\":[\"http:\/\/thibault-svt.fr\/index.php\/premieres\/enseignement-obligatoire\/\"]}]},{\"@type\":\"BreadcrumbList\",\"@id\":\"http:\/\/thibault-svt.fr\/index.php\/premieres\/enseignement-obligatoire\/#breadcrumb\",\"itemListElement\":[{\"@type\":\"ListItem\",\"position\":1,\"name\":\"Accueil\",\"item\":\"http:\/\/thibault-svt.fr\/\"},{\"@type\":\"ListItem\",\"position\":2,\"name\":\"Premi\u00e8res\",\"item\":\"http:\/\/thibault-svt.fr\/index.php\/premieres\/\"},{\"@type\":\"ListItem\",\"position\":3,\"name\":\"Enseignement scientifique\"}]},{\"@type\":\"WebSite\",\"@id\":\"http:\/\/thibault-svt.fr\/#website\",\"url\":\"http:\/\/thibault-svt.fr\/\",\"name\":\"SVT\",\"description\":\"Cours de SVT de Mme Thibault - Professeure au Lyc\u00e9e Maurice Genevoix\",\"potentialAction\":[{\"@type\":\"SearchAction\",\"target\":{\"@type\":\"EntryPoint\",\"urlTemplate\":\"http:\/\/thibault-svt.fr\/?s={search_term_string}\"},\"query-input\":{\"@type\":\"PropertyValueSpecification\",\"valueRequired\":true,\"valueName\":\"search_term_string\"}}],\"inLanguage\":\"fr-FR\"}]}<\/script>\n<!-- \/ Yoast SEO plugin. -->","yoast_head_json":{"title":"Enseignement scientifique - SVT","robots":{"index":"index","follow":"follow","max-snippet":"max-snippet:-1","max-image-preview":"max-image-preview:large","max-video-preview":"max-video-preview:-1"},"canonical":"http:\/\/thibault-svt.fr\/index.php\/premieres\/enseignement-obligatoire\/","og_locale":"fr_FR","og_type":"article","og_title":"Enseignement scientifique - SVT","og_description":"THEME 1 &#8211; Organisation de la mati\u00e8re Les niveaux d&rsquo;organisation du vivant + Questions-R\u00e9ponses pour r\u00e9viser L&rsquo;histoire de la th\u00e9orie cellulaire\u00a0 + Questions-R\u00e9ponses pour r\u00e9viser L&rsquo;organisation de la membrane plasmique + Questions-r\u00e9ponses pour r\u00e9viser L&rsquo;organisation de la mati\u00e8re inerte &nbsp; THEME 2 &#8211; L&rsquo;\u00e9nergie sur Terre \u00a0Energie solaire et temp\u00e9rature terrestre La photosynth\u00e8se : une [&hellip;]","og_url":"http:\/\/thibault-svt.fr\/index.php\/premieres\/enseignement-obligatoire\/","og_site_name":"SVT","article_modified_time":"2026-03-01T09:39:42+00:00","twitter_card":"summary_large_image","twitter_misc":{"Dur\u00e9e de lecture estim\u00e9e":"1 minute"},"schema":{"@context":"https:\/\/schema.org","@graph":[{"@type":"WebPage","@id":"http:\/\/thibault-svt.fr\/index.php\/premieres\/enseignement-obligatoire\/","url":"http:\/\/thibault-svt.fr\/index.php\/premieres\/enseignement-obligatoire\/","name":"Enseignement scientifique - SVT","isPartOf":{"@id":"http:\/\/thibault-svt.fr\/#website"},"datePublished":"2019-08-28T13:40:46+00:00","dateModified":"2026-03-01T09:39:42+00:00","breadcrumb":{"@id":"http:\/\/thibault-svt.fr\/index.php\/premieres\/enseignement-obligatoire\/#breadcrumb"},"inLanguage":"fr-FR","potentialAction":[{"@type":"ReadAction","target":["http:\/\/thibault-svt.fr\/index.php\/premieres\/enseignement-obligatoire\/"]}]},{"@type":"BreadcrumbList","@id":"http:\/\/thibault-svt.fr\/index.php\/premieres\/enseignement-obligatoire\/#breadcrumb","itemListElement":[{"@type":"ListItem","position":1,"name":"Accueil","item":"http:\/\/thibault-svt.fr\/"},{"@type":"ListItem","position":2,"name":"Premi\u00e8res","item":"http:\/\/thibault-svt.fr\/index.php\/premieres\/"},{"@type":"ListItem","position":3,"name":"Enseignement scientifique"}]},{"@type":"WebSite","@id":"http:\/\/thibault-svt.fr\/#website","url":"http:\/\/thibault-svt.fr\/","name":"SVT","description":"Cours de SVT de Mme Thibault - Professeure au Lyc\u00e9e Maurice Genevoix","potentialAction":[{"@type":"SearchAction","target":{"@type":"EntryPoint","urlTemplate":"http:\/\/thibault-svt.fr\/?s={search_term_string}"},"query-input":{"@type":"PropertyValueSpecification","valueRequired":true,"valueName":"search_term_string"}}],"inLanguage":"fr-FR"}]}},"_links":{"self":[{"href":"http:\/\/thibault-svt.fr\/index.php\/wp-json\/wp\/v2\/pages\/1237","targetHints":{"allow":["GET"]}}],"collection":[{"href":"http:\/\/thibault-svt.fr\/index.php\/wp-json\/wp\/v2\/pages"}],"about":[{"href":"http:\/\/thibault-svt.fr\/index.php\/wp-json\/wp\/v2\/types\/page"}],"author":[{"embeddable":true,"href":"http:\/\/thibault-svt.fr\/index.php\/wp-json\/wp\/v2\/users\/1"}],"replies":[{"embeddable":true,"href":"http:\/\/thibault-svt.fr\/index.php\/wp-json\/wp\/v2\/comments?post=1237"}],"version-history":[{"count":15,"href":"http:\/\/thibault-svt.fr\/index.php\/wp-json\/wp\/v2\/pages\/1237\/revisions"}],"predecessor-version":[{"id":3891,"href":"http:\/\/thibault-svt.fr\/index.php\/wp-json\/wp\/v2\/pages\/1237\/revisions\/3891"}],"up":[{"embeddable":true,"href":"http:\/\/thibault-svt.fr\/index.php\/wp-json\/wp\/v2\/pages\/1232"}],"wp:attachment":[{"href":"http:\/\/thibault-svt.fr\/index.php\/wp-json\/wp\/v2\/media?parent=1237"}],"curies":[{"name":"wp","href":"https:\/\/api.w.org\/{rel}","templated":true}]}}