{"id":1111,"date":"2019-05-29T13:39:40","date_gmt":"2019-05-29T11:39:40","guid":{"rendered":"http:\/\/thibault-svt.fr\/?page_id=1111"},"modified":"2021-07-28T12:18:21","modified_gmt":"2021-07-28T10:18:21","slug":"chapitre-1-immunite-innee-et-reaction-inflammatoire","status":"publish","type":"page","link":"http:\/\/thibault-svt.fr\/index.php\/premieres\/specialite\/chapitre-1-immunite-innee-et-reaction-inflammatoire\/","title":{"rendered":"CHAPITRE 1 &#8211; L&rsquo;immunit\u00e9 inn\u00e9e"},"content":{"rendered":"<div class=\"titre-chapitre\">\n<h3><span style=\"color: #bf1177;\">CHAPITRE 1 &#8211; Immunit\u00e9 inn\u00e9e et r\u00e9action inflammatoire<\/span><\/h3>\n<\/div>\n<p style=\"text-align: center;\"><span style=\"color: #800080;\"><strong>&#8211;&gt; Quelques rappels (et du vocabulaire) en immunologie : <a style=\"color: #800080;\" href=\"http:\/\/thibault-svt.fr\/index.php\/terminales\/enseignement-obligatoire\/theme-3-corps-humain-et-sante\/theme-3-a-maintien-de-lintegrite-de-lorganisme-la-reponse-immunitaire\/rappels-et-definitions-en-immunologie\/\" target=\"_blank\" rel=\"noopener noreferrer\">ici<\/a><\/strong><\/span><\/p>\n<p><u><b>L\u2019immunit\u00e9 inn\u00e9e <\/b><\/u> est une des composantes du syst\u00e8me immunitaire.<br \/>\nElle est pr\u00e9sente d\u00e8s la naissance, ne n\u00e9cessite pas d\u2019apprentissage et est universelle (elle fonctionne de la m\u00eame fa\u00e7on chez tous les \u00eatres vivants).<\/p>\n<p><span style=\"color: #17b377;\"><strong>&#8211;&gt; Comment l\u2019immunit\u00e9 inn\u00e9e prot\u00e8ge-t-elle le corps humain contre les agressions ?<\/strong><\/span><\/p>\n<p>L\u2019immunit\u00e9 inn\u00e9e est form\u00e9e de deux composantes :<\/p>\n<ul>\n<li><strong><u>Les barri\u00e8res pr\u00e9-immunitaires :<\/u><\/strong> ce sont toutes les structures permettant d\u2019emp\u00eacher l\u2019entr\u00e9e des<span style=\"color: #000000;\"> <a style=\"color: #000000;\" href=\"http:\/\/thibault-svt.fr\/index.php\/terminales\/enseignement-obligatoire\/theme-3-corps-humain-et-sante\/theme-3-a-maintien-de-lintegrite-de-lorganisme-la-reponse-immunitaire\/rappels-et-definitions-en-immunologie\/#Pathog\u00e8ne\" target=\"_blank\" rel=\"noopener noreferrer\">pathog\u00e8nes<\/a><\/span> dans le corps humain (peau, muqueuses &#8230;). C\u2019est une protection passive, qui fonctionne en permanence.<\/li>\n<li><strong><u>La r\u00e9action inflammatoire :<\/u><\/strong> c\u2019est l\u2019ensemble des m\u00e9canismes de l\u2019immunit\u00e9 inn\u00e9e qui se mettent en place d\u00e8s l\u2019entr\u00e9e d\u2019un pathog\u00e8ne dans le corps, la l\u00e9sion d\u2019un tissu ou l\u2019apparition d\u2019une cellule canc\u00e9reuse.<br \/>\nC\u2019est une protection active qui d\u00e9bute d\u00e8s le d\u00e9but de l\u2019infection. (Infection = entr\u00e9e du pathog\u00e8ne dans les cellules)<\/li>\n<\/ul>\n<div class=\"titre-TP\"><span style=\"color: #000000;\"><a style=\"color: #000000;\" href=\"http:\/\/thibault-svt.fr\/wp-content\/uploads\/2020\/04\/TP-r\u00e9action-inflammatoire.pdf\" target=\"_blank\" rel=\"noopener noreferrer\">TP &#8211; R\u00e9action Inflammatoire.<\/a><\/span><\/div>\n<p>&nbsp;<\/p>\n<p style=\"text-align: center;\"><span style=\"color: #bf1177;\"><strong><u>I &#8211; Sympt\u00f4mes de la r\u00e9action inflammatoire<\/u><\/strong><\/span><\/p>\n<p><span style=\"text-decoration: underline; color: #3366ff;\"><strong>A- Observation des sympt\u00f4mes \u00e0 l&rsquo;\u00e9chelle de l&rsquo;organe infect\u00e9<\/strong><\/span><\/p>\n<p>Lorsqu&rsquo;une r\u00e9action inflammatoire se met en place, plusieurs sympt\u00f4mes apparaissent. Ces sympt\u00f4mes sont les m\u00eames chez tout le monde :<br \/>\n<img loading=\"lazy\" decoding=\"async\" class=\" wp-image-1513 alignright\" src=\"http:\/\/thibault-svt.fr\/wp-content\/uploads\/2020\/04\/RI.gif\" alt=\"\" width=\"288\" height=\"216\" \/><\/p>\n<ul>\n<li>La<strong> rougeur<\/strong><\/li>\n<li>La <strong>douleur<\/strong><\/li>\n<li>La <strong>chaleur<\/strong><\/li>\n<li>Le <strong>gonflement<\/strong> (=\u0153d\u00e8me)<\/li>\n<\/ul>\n<p>A cela s\u2019ajoute souvent la <strong>formation de pus<\/strong> (le pus est un m\u00e9lange de cellules immunitaires et de cellules du pathog\u00e8ne mortes)<\/p>\n<p>Les sympt\u00f4mes \u00e9tant les m\u00eames pour tous, on dit que la r\u00e9action inflammatoire est une r\u00e9ponse <strong>st\u00e9r\u00e9otyp\u00e9e. <\/strong><br \/>\nLes sympt\u00f4mes apparaissent tr\u00e8s rapidement, traduisant la rapidit\u00e9 de mise en place de la r\u00e9action inflammatoire.<\/p>\n<p><span style=\"color: #3366ff;\"><strong><u>B- Observation des sympt\u00f4mes au niveau du tissu infect\u00e9<\/u><\/strong><\/span><\/p>\n<p>En observant une coupe transversale au niveau d&rsquo;un tissu infect\u00e9, et en la comparant \u00e0 un tissu sain, on peut observer quelques particularit\u00e9s qui expliquent les sympt\u00f4mes vus pr\u00e9c\u00e9demment.<br \/>\n<img loading=\"lazy\" decoding=\"async\" class=\"wp-image-1514 aligncenter\" src=\"http:\/\/thibault-svt.fr\/wp-content\/uploads\/2020\/04\/Peau-saine-et-RI-l\u00e9gend\u00e9e.png\" alt=\"\" width=\"814\" height=\"444\" \/><\/p>\n<p>La r\u00e9action inflammatoire se traduit notamment par :<\/p>\n<ul>\n<li><strong>Une<span style=\"text-decoration: underline;\"> vasodilatation<\/span><\/strong> (= augmentation de la taille des vaisseaux sanguins), ce qui permet un <strong>afflux de sang<\/strong>. C\u2019est cette arriv\u00e9e de sang qui explique la rougeur et la chaleur.<\/li>\n<li>Une <span style=\"text-decoration: underline;\"><strong>lib\u00e9ration de plasma<\/strong><\/span> dans le tissu (le plasma est la partie liquide du sang). Cet afflux de plasma explique l\u2019\u0153d\u00e8me<\/li>\n<li>Un <span style=\"text-decoration: underline;\"><strong>afflux de cellules immunitaires<\/strong><\/span> (granulocytes et monocytes).<\/li>\n<li><strong>L\u2019<span style=\"text-decoration: underline;\">activation des voies nerveuses de la douleur<\/span><\/strong><\/li>\n<\/ul>\n<p style=\"text-align: center;\"><span style=\"color: #bf1177;\"><u><b>II &#8211; \u00c9tapes de la R\u00e9action inflammatoire<\/b><\/u><\/span><\/p>\n<p>Dans cette partie, le but est d\u2019expliquer les m\u00e9canismes cellulaires et mol\u00e9culaires de la r\u00e9action inflammatoire pour expliquer comment le syst\u00e8me immunitaire inn\u00e9 d\u00e9truit les pathog\u00e8nes lors d\u2019une infection. Cela nous am\u00e8nera \u00e0 expliquer comment les sympt\u00f4mes sont mis en place.<\/p>\n<p><span style=\"color: #3366ff;\"><strong><u>A- L\u2019initiation de la r\u00e9action inflammatoire par les cellules sentinelles : <\/u><\/strong><\/span><\/p>\n<p><img loading=\"lazy\" decoding=\"async\" class=\"wp-image-1515 alignright\" style=\"margin-bottom: 0px;\" src=\"http:\/\/thibault-svt.fr\/wp-content\/uploads\/2020\/04\/Cellules-sentinelles.png\" alt=\"\" width=\"294\" height=\"292\" srcset=\"http:\/\/thibault-svt.fr\/wp-content\/uploads\/2020\/04\/Cellules-sentinelles.png 767w, http:\/\/thibault-svt.fr\/wp-content\/uploads\/2020\/04\/Cellules-sentinelles-150x150.png 150w, http:\/\/thibault-svt.fr\/wp-content\/uploads\/2020\/04\/Cellules-sentinelles-300x297.png 300w, http:\/\/thibault-svt.fr\/wp-content\/uploads\/2020\/04\/Cellules-sentinelles-88x88.png 88w\" sizes=\"auto, (max-width: 294px) 100vw, 294px\" \/><\/p>\n<p>Dans les tissus, qu&rsquo;il y ait infection ou pas, des <strong>cellules dendritiques<\/strong> et des <strong>mastocytes<\/strong> sont pr\u00e9sents. Ces cellules forment la famille des <span style=\"text-decoration: underline;\"><strong>cellules sentinelles<\/strong><\/span>.<\/p>\n<p>&nbsp;<\/p>\n<p>&nbsp;<\/p>\n<p>&nbsp;<\/p>\n<p><img loading=\"lazy\" decoding=\"async\" class=\"wp-image-1516 alignleft\" src=\"http:\/\/thibault-svt.fr\/wp-content\/uploads\/2020\/04\/PAMP-PRR.png\" alt=\"\" width=\"350\" height=\"239\" \/>Elles portent sur leur membrane plasmique des mol\u00e9cules-r\u00e9cepteurs particuli\u00e8res, les Pathogens Recognizing Receptors (PRR) qui reconnaissent des mol\u00e9cules appel\u00e9es Pathogens Associated Molecular Pattern (PAMP) pr\u00e9sentes sur la plupart des pathog\u00e8nes existant.<\/p>\n<p>Les PAMP sont des mol\u00e9cules qui ont une forme particuli\u00e8re et que presque tous les pathog\u00e8ne poss\u00e8dent. Les PRR ont une forme compl\u00e9mentaire \u00e0 ces PAMP, ils peuvent donc s\u2019accrocher avec en s\u2019embo\u00eetant, \u00e0 l\u2019image d\u2019une cl\u00e9 et une serrure. Cela permet aux cellules sentinelles de rep\u00e9rer tous les pathog\u00e8nes entrant dans le corps<\/p>\n<p>Ainsi, <span style=\"color: #bf1177;\"><strong>la premi\u00e8re \u00e9tape de la r\u00e9action inflammatoire est la liaison des cellules sentinelles aux pathog\u00e8nes<\/strong><\/span>, qui est rendue possible par la liaison des mol\u00e9cules PRR aux mol\u00e9cules PAMP des pathog\u00e8nes.<\/p>\n<p><span style=\"color: #3366ff;\"><strong><u>B- La m\u00e9diation de l&rsquo;inflammation <\/u><\/strong><\/span><\/p>\n<p>La reconnaissance des pathog\u00e8nes par les cellules sentinelles d\u00e9clenche la s\u00e9cr\u00e9tion par les cellules sentinelles de <span style=\"text-decoration: underline;\"><strong>mol\u00e9cules m\u00e9diatrices de l\u2019inflammation<\/strong> <\/span>(<u>histamines, cytokines<\/u>)<\/p>\n<p>Les mastocytes lib\u00e8rent \u00e9galement des mol\u00e9cules appel\u00e9es <u>prostaglandines<\/u> qui entra\u00eenent l&rsquo;activation des voies nerveuses de la douleur<\/p>\n<p><img loading=\"lazy\" decoding=\"async\" class=\"size-full wp-image-1522 alignnone\" src=\"http:\/\/thibault-svt.fr\/wp-content\/uploads\/2020\/04\/Activation-cellules-sentinelles.jpg\" alt=\"\" width=\"831\" height=\"496\" srcset=\"http:\/\/thibault-svt.fr\/wp-content\/uploads\/2020\/04\/Activation-cellules-sentinelles.jpg 831w, http:\/\/thibault-svt.fr\/wp-content\/uploads\/2020\/04\/Activation-cellules-sentinelles-300x179.jpg 300w, http:\/\/thibault-svt.fr\/wp-content\/uploads\/2020\/04\/Activation-cellules-sentinelles-768x458.jpg 768w\" sizes=\"auto, (max-width: 831px) 100vw, 831px\" \/><\/p>\n<p>Les mol\u00e9cules m\u00e9diatrices de l\u2019inflammation ont plusieurs effets :<\/p>\n<p>&#8211; Elles provoquent la <strong><span style=\"text-decoration: underline;\">vasodilatation<\/span><\/strong> ce qui augmente l\u2019afflux de sang et donc de cellules immunitaires sur le lieu de l\u2019infection<\/p>\n<p>&#8211; Elles attirent des monocytes (cellules immunitaires particuli\u00e8res pr\u00e9sentes dans le sang)  vers le lieu de l\u2019inflammation. Ces cellules vont alors sortir des vaisseaux sanguins en traversant la paroi : c\u2019est la <strong><u>diap\u00e9d\u00e8se<\/u>.<\/strong><\/p>\n<p><span style=\"color: #3366ff;\"><strong><u>C- Transformation des monocytes et phagocytose : <\/u><\/strong><\/span><\/p>\n<p>Sur le site de l\u2019inflammation, les monocytes de diff\u00e9rencient en <u>macrophages <\/u>qui vont alors \u00e9liminer les agents infectieux en les phagocytant. La <span style=\"text-decoration: underline;\"><strong>phagocytose<\/strong><\/span> est aussi r\u00e9alis\u00e9e par les cellules sentinelles.<br \/>\n<iframe loading=\"lazy\" src=\"https:\/\/www.youtube.com\/embed\/YLFohIYKHcM\" width=\"916\" height=\"515\" frameborder=\"0\" allowfullscreen=\"allowfullscreen\"><\/iframe><br \/>\nCette phagocytose se fait en plusieurs \u00e9tapes :<\/p>\n<ul>\n<li>Les cellules phagocytaires se lient au pathog\u00e8ne par un syst\u00e8me de mol\u00e9cules-r\u00e9cepteurs (comme PRR-PAMP)<\/li>\n<li>Les cellules phagocytaires entourent le pathog\u00e8ne gr\u00e2ce \u00e0 des extensions de la membrane appel\u00e9s <span style=\"text-decoration: underline;\">pseudopodes<\/span>. Cela forme une v\u00e9sicule dans le cytoplasme (le <span style=\"text-decoration: underline;\">phagosome<\/span>) contenant le pathog\u00e8ne.<\/li>\n<li>Ce phagosome fusionne ensuite avec les lysosomes, qui sont des organites pr\u00e9sents dans les cellules phagocytaires  et qui sont remplis d\u2019enzymes capable de dig\u00e9rer le pathog\u00e8ne.<\/li>\n<li>Les enzymes d\u00e9truisent le pathog\u00e8nes lorsqu\u2019elles entrent en contact avec lui<\/li>\n<li>Les d\u00e9bris sont rejet\u00e9s : ils formeront le pus.<\/li>\n<\/ul>\n<p style=\"text-align: center;\"><strong><u><span style=\"color: #bf1177;\">Sch\u00e9ma des \u00e9tapes de la phagocytose :<\/span><img loading=\"lazy\" decoding=\"async\" class=\"size-full wp-image-1523 aligncenter\" src=\"http:\/\/thibault-svt.fr\/wp-content\/uploads\/2020\/04\/Phagocytose.png\" alt=\"\" width=\"1227\" height=\"785\" srcset=\"http:\/\/thibault-svt.fr\/wp-content\/uploads\/2020\/04\/Phagocytose.png 1227w, http:\/\/thibault-svt.fr\/wp-content\/uploads\/2020\/04\/Phagocytose-300x192.png 300w, http:\/\/thibault-svt.fr\/wp-content\/uploads\/2020\/04\/Phagocytose-768x491.png 768w, http:\/\/thibault-svt.fr\/wp-content\/uploads\/2020\/04\/Phagocytose-1024x655.png 1024w, http:\/\/thibault-svt.fr\/wp-content\/uploads\/2020\/04\/Phagocytose-900x576.png 900w\" sizes=\"auto, (max-width: 1227px) 100vw, 1227px\" \/><\/u><\/strong><\/p>\n<p>&nbsp;<\/p>\n<p style=\"text-align: left;\"><span style=\"color: #0000ff;\"><strong><span style=\"text-decoration: underline; color: #3366ff;\">V\u00e9rifiez votre compr\u00e9hension :<br \/>\n<\/span><\/strong><\/span><span style=\"color: #0000ff;\"><strong><span style=\"color: #000000;\">Saurez-vous remettre les \u00e9tapes de la r\u00e9action inflammatoire dans le bon ordre ?   <span style=\"color: #cc99ff;\"><a style=\"color: #cc99ff;\" href=\"http:\/\/thibault-svt.fr\/index.php\/terminales\/enseignement-obligatoire\/theme-3-corps-humain-et-sante\/theme-3-a-maintien-de-lintegrite-de-lorganisme-la-reponse-immunitaire\/chapitre-1-immunite-innee-et-reaction-inflammatoire\/ex-etapes-de-la-reaction-inflammatoire\/\" target=\"_blank\" rel=\"noopener noreferrer\">&#8211;&gt; Exercice<\/a><\/span><\/span><\/strong><\/span><\/p>\n<p>&nbsp;<\/p>\n<p><span style=\"color: #bf1177;\"><strong><u>III- Le r\u00f4le des anti-inflammatoires. <\/u><\/strong><\/span><\/p>\n<p>Les m\u00e9dicaments anti-inflammatoires, tels que l\u2019ibuprof\u00e8ne, emp\u00eachent la production des mol\u00e9cules m\u00e9diatrices de l\u2019inflammation (notamment des prostaglandines). Ainsi, ils emp\u00eachent la mise en place des sympt\u00f4mes (douleur). Cependant, ils emp\u00eachent aussi le bon d\u00e9roulement de la r\u00e9action inflammatoire, qui a pour but de d\u00e9truire les pathog\u00e8nes. Il faut donc les utiliser avec prudence et mod\u00e9ration.<\/p>\n<p>&nbsp;<\/p>\n<p>&#8211;&gt; Pour r\u00e9viser (et\/ou comprendre), une <a href=\"https:\/\/youtu.be\/HJVS6ZGezww\" target=\"_blank\" rel=\"noopener noreferrer\"><span style=\"color: #333399;\">vid\u00e9o tr\u00e8s sympa de \u00ab\u00a0l&rsquo;antis\u00e8che\u00a0\u00bb \u00e0 voir sur youtube <\/span><\/a><\/p>\n","protected":false},"excerpt":{"rendered":"<p>CHAPITRE 1 &#8211; Immunit\u00e9 inn\u00e9e et r\u00e9action inflammatoire &#8211;&gt; Quelques rappels (et du vocabulaire) en immunologie : ici L\u2019immunit\u00e9 inn\u00e9e est une des composantes du syst\u00e8me immunitaire. Elle est pr\u00e9sente d\u00e8s la naissance, ne n\u00e9cessite pas d\u2019apprentissage et est universelle (elle fonctionne de la m\u00eame fa\u00e7on chez tous les \u00eatres vivants). &#8211;&gt; Comment l\u2019immunit\u00e9 inn\u00e9e [&hellip;]<\/p>\n","protected":false},"author":1,"featured_media":0,"parent":1235,"menu_order":0,"comment_status":"closed","ping_status":"closed","template":"full-width-page-template.php","meta":{"footnotes":""},"class_list":["post-1111","page","type-page","status-publish","hentry"],"yoast_head":"<!-- This site is optimized with the Yoast SEO plugin v24.4 - https:\/\/yoast.com\/wordpress\/plugins\/seo\/ -->\n<title>CHAPITRE 1 - L&#039;immunit\u00e9 inn\u00e9e - SVT<\/title>\n<meta name=\"description\" content=\"Cours et TP de SVT - Terminale S : Immunit\u00e9 inn\u00e9e et r\u00e9action inflammatoire. PAMP, PRR, Cytokines, macrophages, diap\u00e9d\u00e8se, phagocytose.\" \/>\n<meta name=\"robots\" content=\"index, follow, max-snippet:-1, max-image-preview:large, max-video-preview:-1\" \/>\n<link rel=\"canonical\" href=\"http:\/\/thibault-svt.fr\/index.php\/premieres\/specialite\/chapitre-1-immunite-innee-et-reaction-inflammatoire\/\" \/>\n<meta property=\"og:locale\" content=\"fr_FR\" \/>\n<meta property=\"og:type\" content=\"article\" \/>\n<meta property=\"og:title\" content=\"CHAPITRE 1 - L&#039;immunit\u00e9 inn\u00e9e - SVT\" \/>\n<meta property=\"og:description\" content=\"Cours et TP de SVT - Terminale S : Immunit\u00e9 inn\u00e9e et r\u00e9action inflammatoire. PAMP, PRR, Cytokines, macrophages, diap\u00e9d\u00e8se, phagocytose.\" \/>\n<meta property=\"og:url\" content=\"http:\/\/thibault-svt.fr\/index.php\/premieres\/specialite\/chapitre-1-immunite-innee-et-reaction-inflammatoire\/\" \/>\n<meta property=\"og:site_name\" content=\"SVT\" \/>\n<meta property=\"article:modified_time\" content=\"2021-07-28T10:18:21+00:00\" \/>\n<meta property=\"og:image\" content=\"http:\/\/thibault-svt.fr\/wp-content\/uploads\/2020\/04\/RI.gif\" \/>\n<meta name=\"twitter:card\" content=\"summary_large_image\" \/>\n<meta name=\"twitter:label1\" content=\"Dur\u00e9e de lecture estim\u00e9e\" \/>\n\t<meta name=\"twitter:data1\" content=\"5 minutes\" \/>\n<script type=\"application\/ld+json\" class=\"yoast-schema-graph\">{\"@context\":\"https:\/\/schema.org\",\"@graph\":[{\"@type\":\"WebPage\",\"@id\":\"http:\/\/thibault-svt.fr\/index.php\/premieres\/specialite\/chapitre-1-immunite-innee-et-reaction-inflammatoire\/\",\"url\":\"http:\/\/thibault-svt.fr\/index.php\/premieres\/specialite\/chapitre-1-immunite-innee-et-reaction-inflammatoire\/\",\"name\":\"CHAPITRE 1 - L'immunit\u00e9 inn\u00e9e - SVT\",\"isPartOf\":{\"@id\":\"http:\/\/thibault-svt.fr\/#website\"},\"primaryImageOfPage\":{\"@id\":\"http:\/\/thibault-svt.fr\/index.php\/premieres\/specialite\/chapitre-1-immunite-innee-et-reaction-inflammatoire\/#primaryimage\"},\"image\":{\"@id\":\"http:\/\/thibault-svt.fr\/index.php\/premieres\/specialite\/chapitre-1-immunite-innee-et-reaction-inflammatoire\/#primaryimage\"},\"thumbnailUrl\":\"http:\/\/thibault-svt.fr\/wp-content\/uploads\/2020\/04\/RI.gif\",\"datePublished\":\"2019-05-29T11:39:40+00:00\",\"dateModified\":\"2021-07-28T10:18:21+00:00\",\"description\":\"Cours et TP de SVT - Terminale S : Immunit\u00e9 inn\u00e9e et r\u00e9action inflammatoire. PAMP, PRR, Cytokines, macrophages, diap\u00e9d\u00e8se, phagocytose.\",\"breadcrumb\":{\"@id\":\"http:\/\/thibault-svt.fr\/index.php\/premieres\/specialite\/chapitre-1-immunite-innee-et-reaction-inflammatoire\/#breadcrumb\"},\"inLanguage\":\"fr-FR\",\"potentialAction\":[{\"@type\":\"ReadAction\",\"target\":[\"http:\/\/thibault-svt.fr\/index.php\/premieres\/specialite\/chapitre-1-immunite-innee-et-reaction-inflammatoire\/\"]}]},{\"@type\":\"ImageObject\",\"inLanguage\":\"fr-FR\",\"@id\":\"http:\/\/thibault-svt.fr\/index.php\/premieres\/specialite\/chapitre-1-immunite-innee-et-reaction-inflammatoire\/#primaryimage\",\"url\":\"http:\/\/thibault-svt.fr\/wp-content\/uploads\/2020\/04\/RI.gif\",\"contentUrl\":\"http:\/\/thibault-svt.fr\/wp-content\/uploads\/2020\/04\/RI.gif\",\"width\":389,\"height\":288},{\"@type\":\"BreadcrumbList\",\"@id\":\"http:\/\/thibault-svt.fr\/index.php\/premieres\/specialite\/chapitre-1-immunite-innee-et-reaction-inflammatoire\/#breadcrumb\",\"itemListElement\":[{\"@type\":\"ListItem\",\"position\":1,\"name\":\"Accueil\",\"item\":\"http:\/\/thibault-svt.fr\/\"},{\"@type\":\"ListItem\",\"position\":2,\"name\":\"Premi\u00e8res\",\"item\":\"http:\/\/thibault-svt.fr\/index.php\/premieres\/\"},{\"@type\":\"ListItem\",\"position\":3,\"name\":\"Sp\u00e9cialit\u00e9 &#8211; Cours et TP\",\"item\":\"http:\/\/thibault-svt.fr\/index.php\/premieres\/specialite\/\"},{\"@type\":\"ListItem\",\"position\":4,\"name\":\"CHAPITRE 1 &#8211; L&rsquo;immunit\u00e9 inn\u00e9e\"}]},{\"@type\":\"WebSite\",\"@id\":\"http:\/\/thibault-svt.fr\/#website\",\"url\":\"http:\/\/thibault-svt.fr\/\",\"name\":\"SVT\",\"description\":\"Cours de SVT de Mme Thibault - Professeure au Lyc\u00e9e Maurice Genevoix\",\"potentialAction\":[{\"@type\":\"SearchAction\",\"target\":{\"@type\":\"EntryPoint\",\"urlTemplate\":\"http:\/\/thibault-svt.fr\/?s={search_term_string}\"},\"query-input\":{\"@type\":\"PropertyValueSpecification\",\"valueRequired\":true,\"valueName\":\"search_term_string\"}}],\"inLanguage\":\"fr-FR\"}]}<\/script>\n<!-- \/ Yoast SEO plugin. -->","yoast_head_json":{"title":"CHAPITRE 1 - L'immunit\u00e9 inn\u00e9e - SVT","description":"Cours et TP de SVT - Terminale S : Immunit\u00e9 inn\u00e9e et r\u00e9action inflammatoire. PAMP, PRR, Cytokines, macrophages, diap\u00e9d\u00e8se, phagocytose.","robots":{"index":"index","follow":"follow","max-snippet":"max-snippet:-1","max-image-preview":"max-image-preview:large","max-video-preview":"max-video-preview:-1"},"canonical":"http:\/\/thibault-svt.fr\/index.php\/premieres\/specialite\/chapitre-1-immunite-innee-et-reaction-inflammatoire\/","og_locale":"fr_FR","og_type":"article","og_title":"CHAPITRE 1 - L'immunit\u00e9 inn\u00e9e - SVT","og_description":"Cours et TP de SVT - Terminale S : Immunit\u00e9 inn\u00e9e et r\u00e9action inflammatoire. PAMP, PRR, Cytokines, macrophages, diap\u00e9d\u00e8se, phagocytose.","og_url":"http:\/\/thibault-svt.fr\/index.php\/premieres\/specialite\/chapitre-1-immunite-innee-et-reaction-inflammatoire\/","og_site_name":"SVT","article_modified_time":"2021-07-28T10:18:21+00:00","og_image":[{"url":"http:\/\/thibault-svt.fr\/wp-content\/uploads\/2020\/04\/RI.gif","type":"","width":"","height":""}],"twitter_card":"summary_large_image","twitter_misc":{"Dur\u00e9e de lecture estim\u00e9e":"5 minutes"},"schema":{"@context":"https:\/\/schema.org","@graph":[{"@type":"WebPage","@id":"http:\/\/thibault-svt.fr\/index.php\/premieres\/specialite\/chapitre-1-immunite-innee-et-reaction-inflammatoire\/","url":"http:\/\/thibault-svt.fr\/index.php\/premieres\/specialite\/chapitre-1-immunite-innee-et-reaction-inflammatoire\/","name":"CHAPITRE 1 - L'immunit\u00e9 inn\u00e9e - SVT","isPartOf":{"@id":"http:\/\/thibault-svt.fr\/#website"},"primaryImageOfPage":{"@id":"http:\/\/thibault-svt.fr\/index.php\/premieres\/specialite\/chapitre-1-immunite-innee-et-reaction-inflammatoire\/#primaryimage"},"image":{"@id":"http:\/\/thibault-svt.fr\/index.php\/premieres\/specialite\/chapitre-1-immunite-innee-et-reaction-inflammatoire\/#primaryimage"},"thumbnailUrl":"http:\/\/thibault-svt.fr\/wp-content\/uploads\/2020\/04\/RI.gif","datePublished":"2019-05-29T11:39:40+00:00","dateModified":"2021-07-28T10:18:21+00:00","description":"Cours et TP de SVT - Terminale S : Immunit\u00e9 inn\u00e9e et r\u00e9action inflammatoire. PAMP, PRR, Cytokines, macrophages, diap\u00e9d\u00e8se, phagocytose.","breadcrumb":{"@id":"http:\/\/thibault-svt.fr\/index.php\/premieres\/specialite\/chapitre-1-immunite-innee-et-reaction-inflammatoire\/#breadcrumb"},"inLanguage":"fr-FR","potentialAction":[{"@type":"ReadAction","target":["http:\/\/thibault-svt.fr\/index.php\/premieres\/specialite\/chapitre-1-immunite-innee-et-reaction-inflammatoire\/"]}]},{"@type":"ImageObject","inLanguage":"fr-FR","@id":"http:\/\/thibault-svt.fr\/index.php\/premieres\/specialite\/chapitre-1-immunite-innee-et-reaction-inflammatoire\/#primaryimage","url":"http:\/\/thibault-svt.fr\/wp-content\/uploads\/2020\/04\/RI.gif","contentUrl":"http:\/\/thibault-svt.fr\/wp-content\/uploads\/2020\/04\/RI.gif","width":389,"height":288},{"@type":"BreadcrumbList","@id":"http:\/\/thibault-svt.fr\/index.php\/premieres\/specialite\/chapitre-1-immunite-innee-et-reaction-inflammatoire\/#breadcrumb","itemListElement":[{"@type":"ListItem","position":1,"name":"Accueil","item":"http:\/\/thibault-svt.fr\/"},{"@type":"ListItem","position":2,"name":"Premi\u00e8res","item":"http:\/\/thibault-svt.fr\/index.php\/premieres\/"},{"@type":"ListItem","position":3,"name":"Sp\u00e9cialit\u00e9 &#8211; Cours et TP","item":"http:\/\/thibault-svt.fr\/index.php\/premieres\/specialite\/"},{"@type":"ListItem","position":4,"name":"CHAPITRE 1 &#8211; L&rsquo;immunit\u00e9 inn\u00e9e"}]},{"@type":"WebSite","@id":"http:\/\/thibault-svt.fr\/#website","url":"http:\/\/thibault-svt.fr\/","name":"SVT","description":"Cours de SVT de Mme Thibault - Professeure au Lyc\u00e9e Maurice Genevoix","potentialAction":[{"@type":"SearchAction","target":{"@type":"EntryPoint","urlTemplate":"http:\/\/thibault-svt.fr\/?s={search_term_string}"},"query-input":{"@type":"PropertyValueSpecification","valueRequired":true,"valueName":"search_term_string"}}],"inLanguage":"fr-FR"}]}},"_links":{"self":[{"href":"http:\/\/thibault-svt.fr\/index.php\/wp-json\/wp\/v2\/pages\/1111","targetHints":{"allow":["GET"]}}],"collection":[{"href":"http:\/\/thibault-svt.fr\/index.php\/wp-json\/wp\/v2\/pages"}],"about":[{"href":"http:\/\/thibault-svt.fr\/index.php\/wp-json\/wp\/v2\/types\/page"}],"author":[{"embeddable":true,"href":"http:\/\/thibault-svt.fr\/index.php\/wp-json\/wp\/v2\/users\/1"}],"replies":[{"embeddable":true,"href":"http:\/\/thibault-svt.fr\/index.php\/wp-json\/wp\/v2\/comments?post=1111"}],"version-history":[{"count":26,"href":"http:\/\/thibault-svt.fr\/index.php\/wp-json\/wp\/v2\/pages\/1111\/revisions"}],"predecessor-version":[{"id":1500,"href":"http:\/\/thibault-svt.fr\/index.php\/wp-json\/wp\/v2\/pages\/1111\/revisions\/1500"}],"up":[{"embeddable":true,"href":"http:\/\/thibault-svt.fr\/index.php\/wp-json\/wp\/v2\/pages\/1235"}],"wp:attachment":[{"href":"http:\/\/thibault-svt.fr\/index.php\/wp-json\/wp\/v2\/media?parent=1111"}],"curies":[{"name":"wp","href":"https:\/\/api.w.org\/{rel}","templated":true}]}}